Last updated on 2025-11-23 04:50:27 CET.
| Flavor | Version | Tinstall | Tcheck | Ttotal | Status | Flags |
|---|---|---|---|---|---|---|
| r-devel-linux-x86_64-debian-clang | 0.4.3 | 3.58 | 242.84 | 246.42 | NOTE | |
| r-devel-linux-x86_64-debian-gcc | 0.4.3 | 2.59 | 178.27 | 180.86 | NOTE | |
| r-devel-linux-x86_64-fedora-clang | 0.4.3 | 398.48 | OK | |||
| r-devel-linux-x86_64-fedora-gcc | 0.4.3 | 387.58 | OK | |||
| r-devel-windows-x86_64 | 0.4.3 | 75.00 | 479.00 | 554.00 | OK | |
| r-patched-linux-x86_64 | 0.4.3 | 4.43 | 233.76 | 238.19 | OK | |
| r-release-linux-x86_64 | 0.4.3 | 3.64 | 234.46 | 238.10 | OK | |
| r-release-macos-arm64 | 0.4.3 | OK | ||||
| r-release-macos-x86_64 | 0.4.3 | 7.00 | 222.00 | 229.00 | OK | |
| r-release-windows-x86_64 | 0.4.3 | 34.00 | 896.00 | 930.00 | OK | |
| r-oldrel-macos-arm64 | 0.4.3 | OK | ||||
| r-oldrel-macos-x86_64 | 0.4.3 | 9.00 | 288.00 | 297.00 | OK | |
| r-oldrel-windows-x86_64 | 0.4.3 | 30.00 | 300.00 | 330.00 | OK |
Version: 0.4.3
Check: CRAN incoming feasibility
Result: NOTE
Maintainer: ‘Lorenz Walthert <lorenz.walthert@icloud.com>’
No Authors@R field in DESCRIPTION.
Please add one, modifying
Authors@R: person(given = "Lorenz",
family = "Walthert",
role = c("aut", "cre"),
email = "lorenz.walthert@icloud.com")
as necessary.
Flavors: r-devel-linux-x86_64-debian-clang, r-devel-linux-x86_64-debian-gcc