Last updated on 2025-04-29 05:50:16 CEST.
Flavor | Version | Tinstall | Tcheck | Ttotal | Status | Flags |
---|---|---|---|---|---|---|
r-devel-linux-x86_64-debian-clang | 1.0.3 | 9.86 | 90.40 | 100.26 | OK | |
r-devel-linux-x86_64-debian-gcc | 1.0.3 | 7.27 | 64.41 | 71.68 | NOTE | |
r-devel-linux-x86_64-fedora-clang | 1.0.3 | 158.67 | OK | |||
r-devel-linux-x86_64-fedora-gcc | 1.0.3 | 156.17 | OK | |||
r-devel-windows-x86_64 | 1.0.3 | 11.00 | 96.00 | 107.00 | OK | |
r-patched-linux-x86_64 | 1.0.3 | 8.82 | 89.71 | 98.53 | OK | |
r-release-linux-x86_64 | 1.0.3 | 9.20 | 87.39 | 96.59 | OK | |
r-release-macos-arm64 | 1.0.3 | 49.00 | OK | |||
r-release-macos-x86_64 | 1.0.3 | 91.00 | OK | |||
r-release-windows-x86_64 | 1.0.3 | 11.00 | 99.00 | 110.00 | OK | |
r-oldrel-macos-arm64 | 1.0.3 | 45.00 | NOTE | |||
r-oldrel-macos-x86_64 | 1.0.3 | 88.00 | NOTE | |||
r-oldrel-windows-x86_64 | 1.0.3 | 14.00 | 124.00 | 138.00 | NOTE |
Version: 1.0.3
Check: CRAN incoming feasibility
Result: NOTE
Maintainer: ‘Michal Juraska <mjuraska@fredhutch.org>’
Package CITATION file contains call(s) to old-style citEntry(). Please
use bibentry() instead.
Found the following URLs which should use \doi (with the DOI name only):
File ‘riskCurve.Rd’:
https://doi.org/10.1093/biostatistics/kxy074
File ‘summary.riskCurve.Rd’:
https://doi.org/10.1093/biostatistics/kxy074
File ‘testConstancy.Rd’:
https://doi.org/10.1093/biostatistics/kxy074
File ‘testEquality.Rd’:
https://doi.org/10.1093/biostatistics/kxy074
Flavor: r-devel-linux-x86_64-debian-gcc
Version: 1.0.3
Check: examples
Result: NOTE
Examples with CPU (user + system) or elapsed time > 5s
user system elapsed
testEquality 4.803 0.002 5.344
Flavor: r-devel-linux-x86_64-debian-gcc
Version: 1.0.3
Check: LazyData
Result: NOTE
'LazyData' is specified without a 'data' directory
Flavors: r-oldrel-macos-arm64, r-oldrel-macos-x86_64, r-oldrel-windows-x86_64