Last updated on 2025-11-24 04:50:05 CET.
| Flavor | Version | Tinstall | Tcheck | Ttotal | Status | Flags |
|---|---|---|---|---|---|---|
| r-devel-linux-x86_64-debian-clang | 0.1.3.900 | 2.49 | 25.01 | 27.50 | NOTE | |
| r-devel-linux-x86_64-debian-gcc | 0.1.3.900 | 1.89 | 19.99 | 21.88 | NOTE | |
| r-devel-linux-x86_64-fedora-clang | 0.1.3.900 | 42.22 | OK | |||
| r-devel-linux-x86_64-fedora-gcc | 0.1.3.900 | 39.50 | OK | |||
| r-devel-windows-x86_64 | 0.1.3.900 | 5.00 | 42.00 | 47.00 | OK | |
| r-patched-linux-x86_64 | 0.1.3.900 | 2.58 | 23.50 | 26.08 | OK | |
| r-release-linux-x86_64 | 0.1.3.900 | 2.08 | 23.61 | 25.69 | OK | |
| r-release-macos-arm64 | 0.1.3.900 | OK | ||||
| r-release-macos-x86_64 | 0.1.3.900 | 3.00 | 36.00 | 39.00 | OK | |
| r-release-windows-x86_64 | 0.1.3.900 | 4.00 | 50.00 | 54.00 | OK | |
| r-oldrel-macos-arm64 | 0.1.3.900 | NOTE | ||||
| r-oldrel-macos-x86_64 | 0.1.3.900 | 3.00 | 28.00 | 31.00 | NOTE | |
| r-oldrel-windows-x86_64 | 0.1.3.900 | 5.00 | 47.00 | 52.00 | NOTE |
Version: 0.1.3.900
Check: CRAN incoming feasibility
Result: NOTE
Maintainer: ‘Pedro H. C. Sant'Anna <pedro.h.santanna@vanderbilt.edu>’
No Authors@R field in DESCRIPTION.
Please add one, modifying
Authors@R: c(person(given = c("Pedro", "H.", "C."),
family = "Sant'Anna",
role = c("aut", "cre"),
email = "pedro.h.santanna@vanderbilt.edu"),
person(given = "Xiaojun",
family = "Song",
role = "aut",
email = "sxj@gsm.pku.edu.cn"))
as necessary.
Flavors: r-devel-linux-x86_64-debian-clang, r-devel-linux-x86_64-debian-gcc
Version: 0.1.3.900
Check: LazyData
Result: NOTE
'LazyData' is specified without a 'data' directory
Flavors: r-oldrel-macos-arm64, r-oldrel-macos-x86_64, r-oldrel-windows-x86_64