CRAN Package Check Results for Package qgshiny

Last updated on 2025-10-09 05:51:06 CEST.

Flavor Version Tinstall Tcheck Ttotal Status Flags
r-devel-linux-x86_64-debian-clang 0.1.0 3.12 29.59 32.71 OK
r-devel-linux-x86_64-debian-gcc 0.1.0 2.37 22.56 24.93 OK
r-devel-linux-x86_64-fedora-clang 0.1.0 48.99 NOTE
r-devel-linux-x86_64-fedora-gcc 0.1.0 47.94 NOTE
r-devel-windows-x86_64 0.1.0 6.00 49.00 55.00 OK
r-patched-linux-x86_64 0.1.0 3.14 27.96 31.10 OK
r-release-linux-x86_64 0.1.0 3.20 27.77 30.97 OK
r-release-macos-arm64 0.1.0 20.00 OK
r-release-macos-x86_64 0.1.0 34.00 OK
r-release-windows-x86_64 0.1.0 6.00 48.00 54.00 OK
r-oldrel-macos-arm64 0.1.0 20.00 NOTE
r-oldrel-macos-x86_64 0.1.0 27.00 NOTE
r-oldrel-windows-x86_64 0.1.0 6.00 53.00 59.00 NOTE

Check Details

Version: 0.1.0
Check: dependencies in R code
Result: NOTE Namespaces in Imports field not imported from: ‘rmarkdown’ ‘stats’ All declared Imports should be used. Flavors: r-devel-linux-x86_64-fedora-clang, r-devel-linux-x86_64-fedora-gcc

Version: 0.1.0
Check: LazyData
Result: NOTE 'LazyData' is specified without a 'data' directory Flavors: r-oldrel-macos-arm64, r-oldrel-macos-x86_64, r-oldrel-windows-x86_64