Last updated on 2025-07-27 05:48:41 CEST.
Flavor | Version | Tinstall | Tcheck | Ttotal | Status | Flags |
---|---|---|---|---|---|---|
r-devel-linux-x86_64-debian-clang | 0.1.0 | 23.88 | 25.04 | 48.92 | OK | |
r-devel-linux-x86_64-debian-gcc | 0.1.0 | 21.90 | 21.41 | 43.31 | OK | |
r-devel-linux-x86_64-fedora-clang | 0.1.0 | 86.34 | NOTE | |||
r-devel-linux-x86_64-fedora-gcc | 0.1.0 | 88.43 | NOTE | |||
r-devel-windows-x86_64 | 0.1.0 | 30.00 | 68.00 | 98.00 | OK | |
r-patched-linux-x86_64 | 0.1.0 | 29.27 | 25.46 | 54.73 | OK | |
r-release-linux-x86_64 | 0.1.0 | 26.00 | 25.18 | 51.18 | OK | |
r-release-macos-arm64 | 0.1.0 | 27.00 | OK | |||
r-release-macos-x86_64 | 0.1.0 | 53.00 | OK | |||
r-release-windows-x86_64 | 0.1.0 | 29.00 | 60.00 | 89.00 | OK | |
r-oldrel-macos-arm64 | 0.1.0 | 26.00 | NOTE | |||
r-oldrel-macos-x86_64 | 0.1.0 | 46.00 | NOTE | |||
r-oldrel-windows-x86_64 | 0.1.0 | 36.00 | 74.00 | 110.00 | NOTE |
Version: 0.1.0
Check: compiled code
Result: NOTE
File ‘rIsing/libs/rIsing.so’:
Found no calls to: ‘R_registerRoutines’, ‘R_useDynamicSymbols’
It is good practice to register native routines and to disable symbol
search.
See ‘Writing portable packages’ in the ‘Writing R Extensions’ manual.
Flavors: r-devel-linux-x86_64-fedora-clang, r-devel-linux-x86_64-fedora-gcc
Version: 0.1.0
Check: installed package size
Result: NOTE
installed size is 13.1Mb
sub-directories of 1Mb or more:
libs 13.0Mb
Flavors: r-oldrel-macos-arm64, r-oldrel-macos-x86_64
Version: 0.1.0
Check: LazyData
Result: NOTE
'LazyData' is specified without a 'data' directory
Flavors: r-oldrel-macos-arm64, r-oldrel-macos-x86_64, r-oldrel-windows-x86_64