Last updated on 2025-11-24 04:50:08 CET.
| Flavor | Version | Tinstall | Tcheck | Ttotal | Status | Flags |
|---|---|---|---|---|---|---|
| r-devel-linux-x86_64-debian-clang | 1.0.9 | 3.62 | 34.22 | 37.84 | NOTE | |
| r-devel-linux-x86_64-debian-gcc | 1.0.9 | 2.50 | 26.13 | 28.63 | NOTE | |
| r-devel-linux-x86_64-fedora-clang | 1.0.9 | 57.52 | OK | |||
| r-devel-linux-x86_64-fedora-gcc | 1.0.9 | 54.95 | OK | |||
| r-devel-windows-x86_64 | 1.0.9 | 8.00 | 50.00 | 58.00 | OK | |
| r-patched-linux-x86_64 | 1.0.9 | 4.36 | 32.01 | 36.37 | OK | |
| r-release-linux-x86_64 | 1.0.9 | 3.89 | 31.73 | 35.62 | OK | |
| r-release-macos-arm64 | 1.0.9 | OK | ||||
| r-release-macos-x86_64 | 1.0.9 | 4.00 | 31.00 | 35.00 | OK | |
| r-release-windows-x86_64 | 1.0.9 | 6.00 | 57.00 | 63.00 | OK | |
| r-oldrel-macos-arm64 | 1.0.9 | OK | ||||
| r-oldrel-macos-x86_64 | 1.0.9 | 3.00 | 34.00 | 37.00 | OK | |
| r-oldrel-windows-x86_64 | 1.0.9 | 6.00 | 57.00 | 63.00 | OK |
Version: 1.0.9
Check: CRAN incoming feasibility
Result: NOTE
Maintainer: ‘Haydar Demirhan <haydar.demirhan@rmit.edu.au>’
No Authors@R field in DESCRIPTION.
Please add one, modifying
Authors@R: person(given = "Haydar",
family = "Demirhan",
role = c("aut", "cre"),
email = "haydar.demirhan@rmit.edu.au")
as necessary.
Flavors: r-devel-linux-x86_64-debian-clang, r-devel-linux-x86_64-debian-gcc