CRAN Package Check Results for Package randtoolbox

Last updated on 2025-11-24 04:50:06 CET.

Flavor Version Tinstall Tcheck Ttotal Status Flags
r-devel-linux-x86_64-debian-clang 2.0.5 11.96 71.68 83.64 OK
r-devel-linux-x86_64-debian-gcc 2.0.5 9.00 54.28 63.28 OK
r-devel-linux-x86_64-fedora-clang 2.0.5 26.00 94.54 120.54 OK
r-devel-linux-x86_64-fedora-gcc 2.0.5 62.00 73.65 135.65 OK
r-devel-windows-x86_64 2.0.5 36.00 120.00 156.00 NOTE
r-patched-linux-x86_64 2.0.5 10.46 66.86 77.32 OK
r-release-linux-x86_64 2.0.5 8.98 67.09 76.07 OK
r-release-macos-arm64 2.0.5 OK
r-release-macos-x86_64 2.0.5 22.00 92.00 114.00 OK
r-release-windows-x86_64 2.0.5 29.00 119.00 148.00 OK
r-oldrel-macos-arm64 2.0.5 OK
r-oldrel-macos-x86_64 2.0.5 23.00 105.00 128.00 OK
r-oldrel-windows-x86_64 2.0.5 25.00 126.00 151.00 OK

Check Details

Version: 2.0.5
Check: Rd files
Result: NOTE checkRd: (-1) overall-doc.Rd:29-34: Only 2 columns allowed in this table (row 3 has 1) Flavor: r-devel-windows-x86_64