CRAN Package Check Results for Package rdiversity

Last updated on 2025-07-20 05:48:32 CEST.

Flavor Version Tinstall Tcheck Ttotal Status Flags
r-devel-linux-x86_64-debian-clang 2.2.0 6.17 52.00 58.17 NOTE
r-devel-linux-x86_64-debian-gcc 2.2.0 4.80 39.09 43.89 NOTE
r-devel-linux-x86_64-fedora-clang 2.2.0 99.70 OK
r-devel-linux-x86_64-fedora-gcc 2.2.0 102.42 OK
r-devel-windows-x86_64 2.2.0 8.00 78.00 86.00 OK
r-patched-linux-x86_64 2.2.0 7.53 48.74 56.27 OK
r-release-linux-x86_64 2.2.0 6.20 49.35 55.55 OK
r-release-macos-arm64 2.2.0 42.00 OK
r-release-macos-x86_64 2.2.0 73.00 OK
r-release-windows-x86_64 2.2.0 9.00 76.00 85.00 OK
r-oldrel-macos-arm64 2.2.0 36.00 OK
r-oldrel-macos-x86_64 2.2.0 53.00 OK
r-oldrel-windows-x86_64 2.2.0 12.00 90.00 102.00 OK

Check Details

Version: 2.2.0
Check: CRAN incoming feasibility
Result: NOTE Maintainer: ‘Richard Reeve <richard.reeve@glasgow.ac.uk>’ The Description field contains <arXiv:1404.6520v3>. Please refer to arXiv e-prints via their arXiv DOI <doi:10.48550/arXiv.YYMM.NNNNN>. Flavors: r-devel-linux-x86_64-debian-clang, r-devel-linux-x86_64-debian-gcc