CRAN Package Check Results for Package recalibratiNN

Last updated on 2025-05-23 05:52:36 CEST.

Flavor Version Tinstall Tcheck Ttotal Status Flags
r-devel-linux-x86_64-debian-clang 0.3.2 2.58 62.04 64.62 NOTE
r-devel-linux-x86_64-debian-gcc 0.3.2 2.00 43.84 45.84 NOTE
r-devel-linux-x86_64-fedora-clang 0.3.2 105.81 NOTE
r-devel-linux-x86_64-fedora-gcc 0.3.2 111.39 NOTE
r-devel-windows-x86_64 0.3.2 4.00 79.00 83.00 NOTE
r-patched-linux-x86_64 0.3.2 2.67 57.77 60.44 NOTE
r-release-linux-x86_64 0.3.2 2.41 57.55 59.96 NOTE
r-release-macos-arm64 0.3.2 39.00 NOTE
r-release-macos-x86_64 0.3.2 66.00 NOTE
r-release-windows-x86_64 0.3.2 4.00 78.00 82.00 NOTE
r-oldrel-macos-arm64 0.3.2 42.00 OK
r-oldrel-macos-x86_64 0.3.2 95.00 OK
r-oldrel-windows-x86_64 0.3.2 6.00 90.00 96.00 OK

Check Details

Version: 0.3.2
Check: DESCRIPTION meta-information
Result: NOTE Missing dependency on R >= 4.1.0 because package code uses the pipe |> or function shorthand \(...) syntax added in R 4.1.0. File(s) using such syntax: ‘gg_CD_local.R’ ‘gg_PIT_local.R’ Flavors: r-devel-linux-x86_64-debian-clang, r-devel-linux-x86_64-debian-gcc, r-devel-linux-x86_64-fedora-clang, r-devel-linux-x86_64-fedora-gcc, r-devel-windows-x86_64, r-patched-linux-x86_64, r-release-linux-x86_64, r-release-macos-arm64, r-release-macos-x86_64, r-release-windows-x86_64