CRAN Package Check Results for Package regrap

Last updated on 2025-07-11 05:49:31 CEST.

Flavor Version Tinstall Tcheck Ttotal Status Flags
r-devel-linux-x86_64-debian-clang 1.0.1 2.00 19.84 21.84 OK
r-devel-linux-x86_64-debian-gcc 1.0.1 1.55 15.93 17.48 OK
r-devel-linux-x86_64-fedora-clang 1.0.1 33.54 OK
r-devel-linux-x86_64-fedora-gcc 1.0.1 32.96 OK
r-devel-windows-x86_64 1.0.1 4.00 42.00 46.00 OK
r-patched-linux-x86_64 1.0.1 2.16 18.27 20.43 OK
r-release-linux-x86_64 1.0.1 1.91 18.23 20.14 OK
r-release-macos-arm64 1.0.1 13.00 OK
r-release-macos-x86_64 1.0.1 23.00 OK
r-release-windows-x86_64 1.0.1 3.00 43.00 46.00 OK
r-oldrel-macos-arm64 1.0.1 14.00 NOTE
r-oldrel-macos-x86_64 1.0.1 20.00 NOTE
r-oldrel-windows-x86_64 1.0.1 3.00 45.00 48.00 NOTE

Check Details

Version: 1.0.1
Check: LazyData
Result: NOTE 'LazyData' is specified without a 'data' directory Flavors: r-oldrel-macos-arm64, r-oldrel-macos-x86_64, r-oldrel-windows-x86_64