CRAN Package Check Results for Package repec

Last updated on 2025-05-21 05:52:01 CEST.

Flavor Version Tinstall Tcheck Ttotal Status Flags
r-devel-linux-x86_64-debian-clang 0.1.0 1.85 18.18 20.03 OK
r-devel-linux-x86_64-debian-gcc 0.1.0 1.58 14.51 16.09 OK
r-devel-linux-x86_64-fedora-clang 0.1.0 30.52 OK
r-devel-linux-x86_64-fedora-gcc 0.1.0 29.49 OK
r-devel-windows-x86_64 0.1.0 3.00 47.00 50.00 OK
r-patched-linux-x86_64 0.1.0 2.01 17.43 19.44 OK
r-release-linux-x86_64 0.1.0 1.76 17.12 18.88 OK
r-release-macos-arm64 0.1.0 12.00 OK
r-release-macos-x86_64 0.1.0 21.00 OK
r-release-windows-x86_64 0.1.0 3.00 49.00 52.00 OK
r-oldrel-macos-arm64 0.1.0 13.00 NOTE
r-oldrel-macos-x86_64 0.1.0 21.00 NOTE
r-oldrel-windows-x86_64 0.1.0 4.00 47.00 51.00 NOTE

Check Details

Version: 0.1.0
Check: LazyData
Result: NOTE 'LazyData' is specified without a 'data' directory Flavors: r-oldrel-macos-arm64, r-oldrel-macos-x86_64, r-oldrel-windows-x86_64