CRAN Package Check Results for Package repmod

Last updated on 2025-11-24 04:50:06 CET.

Flavor Version Tinstall Tcheck Ttotal Status Flags
r-devel-linux-x86_64-debian-clang 0.1.7 3.43 32.06 35.49 NOTE
r-devel-linux-x86_64-debian-gcc 0.1.7 2.26 24.69 26.95 NOTE
r-devel-linux-x86_64-fedora-clang 0.1.7 52.60 OK
r-devel-linux-x86_64-fedora-gcc 0.1.7 19.00 34.15 53.15 OK
r-devel-windows-x86_64 0.1.7 9.00 51.00 60.00 OK
r-patched-linux-x86_64 0.1.7 2.73 29.20 31.93 OK
r-release-linux-x86_64 0.1.7 3.30 29.34 32.64 OK
r-release-macos-arm64 0.1.7 OK
r-release-macos-x86_64 0.1.7 3.00 28.00 31.00 OK
r-release-windows-x86_64 0.1.7 7.00 52.00 59.00 OK
r-oldrel-macos-arm64 0.1.7 NOTE
r-oldrel-macos-x86_64 0.1.7 2.00 25.00 27.00 NOTE
r-oldrel-windows-x86_64 0.1.7 7.00 59.00 66.00 NOTE

Check Details

Version: 0.1.7
Check: CRAN incoming feasibility
Result: NOTE Maintainer: ‘David Hervas Marin <ddhervas@yahoo.es>’ No Authors@R field in DESCRIPTION. Please add one, modifying Authors@R: person(given = c("David", "Hervas"), family = "Marin", role = c("aut", "cre"), email = "ddhervas@yahoo.es") as necessary. Flavors: r-devel-linux-x86_64-debian-clang, r-devel-linux-x86_64-debian-gcc

Version: 0.1.7
Check: LazyData
Result: NOTE 'LazyData' is specified without a 'data' directory Flavors: r-oldrel-macos-arm64, r-oldrel-macos-x86_64, r-oldrel-windows-x86_64