Last updated on 2024-06-18 05:57:45 CEST.
Flavor | Version | Tinstall | Tcheck | Ttotal | Status | Flags |
---|---|---|---|---|---|---|
r-devel-linux-x86_64-debian-clang | 0.1.0 | 20.51 | 190.25 | 210.76 | ERROR | |
r-devel-linux-x86_64-debian-gcc | 0.1.0 | 16.76 | 136.00 | 152.76 | OK | |
r-devel-linux-x86_64-fedora-clang | 0.1.0 | 262.65 | OK | |||
r-devel-linux-x86_64-fedora-gcc | 0.1.0 | 261.01 | OK | |||
r-devel-windows-x86_64 | 0.1.0 | 19.00 | 164.00 | 183.00 | OK | |
r-patched-linux-x86_64 | 0.1.0 | 30.83 | 180.09 | 210.92 | OK | |
r-release-linux-x86_64 | 0.1.0 | 21.41 | 183.64 | 205.05 | OK | |
r-release-macos-arm64 | 0.1.0 | 89.00 | OK | |||
r-release-macos-x86_64 | 0.1.0 | 174.00 | OK | |||
r-release-windows-x86_64 | 0.1.0 | 19.00 | 174.00 | 193.00 | OK | |
r-oldrel-macos-arm64 | 0.1.0 | 82.00 | OK | |||
r-oldrel-macos-x86_64 | 0.1.0 | 144.00 | OK | |||
r-oldrel-windows-x86_64 | 0.1.0 | 23.00 | 198.00 | 221.00 | OK |
Version: 0.1.0
Check: tests
Result: ERROR
Running ‘testthat.R’ [9s/11s]
Running the tests in ‘tests/testthat.R’ failed.
Complete output:
> library(testthat)
> library(reportRmd)
>
> test_check("reportRmd")
Using MC sim. Use set.seed() prior to function for reproducible results.
Using MC sim. Use set.seed() prior to function for reproducible results.
Waiting for profiling to be done...
Waiting for profiling to be done...
Waiting for profiling to be done...
Waiting for profiling to be done...
Waiting for profiling to be done...
Waiting for profiling to be done...
Waiting for profiling to be done...
Waiting for profiling to be done...
Waiting for profiling to be done...
Waiting for profiling to be done...
Waiting for profiling to be done...
Waiting for profiling to be done...
Waiting for profiling to be done...
Waiting for profiling to be done...
Waiting for profiling to be done...
Waiting for profiling to be done...
VIF not yet implemented for negative binomial, mixed effects or GEE models.
[ FAIL 1 | WARN 42 | SKIP 0 | PASS 56 ]
══ Failed tests ════════════════════════════════════════════════════════════════
── Failure ('test_calculations.R:156:5'): uvsum logistic regression CIS are correct ──
output[, 2] (`actual`) not equal to `expected` (`expected`).
`actual`: "0.86 (0.54, 1.37)" "5.03 (2.75, 10.53)"
`expected`: "0.86 (0.54, 1.37)" "5.03 ( 2.75, 10.53)"
[ FAIL 1 | WARN 42 | SKIP 0 | PASS 56 ]
Error: Test failures
Execution halted
Flavor: r-devel-linux-x86_64-debian-clang