Last updated on 2025-11-24 04:50:07 CET.
| Flavor | Version | Tinstall | Tcheck | Ttotal | Status | Flags |
|---|---|---|---|---|---|---|
| r-devel-linux-x86_64-debian-clang | 0.24.2 | 5.54 | 100.56 | 106.10 | OK | |
| r-devel-linux-x86_64-debian-gcc | 0.24.2 | 3.54 | 73.15 | 76.69 | OK | |
| r-devel-linux-x86_64-fedora-clang | 0.24.2 | 15.00 | 135.19 | 150.19 | OK | |
| r-devel-linux-x86_64-fedora-gcc | 0.24.2 | 13.00 | 127.03 | 140.03 | OK | |
| r-devel-windows-x86_64 | 0.24.2 | 8.00 | 111.00 | 119.00 | OK | |
| r-patched-linux-x86_64 | 0.24.2 | 5.43 | 89.51 | 94.94 | OK | |
| r-release-linux-x86_64 | 0.24.2 | 5.52 | 92.81 | 98.33 | OK | |
| r-release-macos-arm64 | 0.24.2 | OK | ||||
| r-release-macos-x86_64 | 0.24.2 | 6.00 | 417.00 | 423.00 | OK | |
| r-release-windows-x86_64 | 0.24.2 | 6.00 | 124.00 | 130.00 | OK | |
| r-oldrel-macos-arm64 | 0.24.2 | OK | ||||
| r-oldrel-macos-x86_64 | 0.24.2 | 7.00 | 361.00 | 368.00 | OK | |
| r-oldrel-windows-x86_64 | 0.24.2 | 8.00 | 149.00 | 157.00 | ERROR |
Version: 0.24.2
Check: tests
Result: ERROR
Running 'tinytest.R' [84s]
Running the tests in 'tests/tinytest.R' failed.
Complete output:
> if ( requireNamespace("tinytest", quietly=TRUE) ){
+ home <- length(unclass(packageVersion("restatapi"))[[1]]) == 4
+ tinytest::test_package("restatapi", at_home = home)
+ }
restatapi: - version 0.24.2
- config file with the API version 2 loaded from GitHub (the 'current' API version number is 2).
- no parallel computing.
- 'libcurl' method will be used for file download, can be changed with 'options(restatapi_dmethod=...)'
- the Table of contents (TOC) was not pre-loaded into the deafult cache ('.restatapi_env').
test_restatapi.R.............. 0 tests
test_restatapi.R.............. 0 tests
test_restatapi.R.............. 0 tests
test_restatapi.R.............. 0 tests
test_restatapi.R.............. 0 tests
test_restatapi.R.............. 0 tests
test_restatapi.R.............. 0 tests
test_restatapi.R.............. 0 tests
test_restatapi.R.............. 0 tests
test_restatapi.R.............. 0 tests
test_restatapi.R.............. 0 tests
test_restatapi.R.............. 0 tests
test_restatapi.R.............. 0 tests
test_restatapi.R.............. 0 tests
test_restatapi.R.............. 0 tests
test_restatapi.R.............. 0 tests
test_restatapi.R.............. 0 tests
test_restatapi.R.............. 0 tests
test_restatapi.R.............. 0 tests
test_restatapi.R.............. 0 tests
test_restatapi.R.............. 0 tests
test_restatapi.R.............. 0 tests
test_restatapi.R.............. 0 tests
test_restatapi.R.............. 0 tests
test_restatapi.R.............. 0 tests
test_restatapi.R.............. 0 tests
test_restatapi.R.............. 0 tests
test_restatapi.R.............. 0 tests
test_restatapi.R.............. 1 tests <1b>[0;32mOK<1b>[0m
test_restatapi.R.............. 7 tests <1b>[0;32mOK<1b>[0m
test_restatapi.R.............. 7 tests <1b>[0;32mOK<1b>[0m
test_restatapi.R.............. 7 tests <1b>[0;32mOK<1b>[0m
test_restatapi.R.............. 7 tests <1b>[0;32mOK<1b>[0m
test_restatapi.R.............. 8 tests <1b>[0;32mOK<1b>[0m
test_restatapi.R.............. 9 tests <1b>[0;32mOK<1b>[0m
test_restatapi.R.............. 10 tests <1b>[0;32mOK<1b>[0m
test_restatapi.R.............. 10 tests <1b>[0;32mOK<1b>[0m
test_restatapi.R.............. 13 tests <1b>[0;32mOK<1b>[0m
test_restatapi.R.............. 13 tests <1b>[0;32mOK<1b>[0m
test_restatapi.R.............. 13 tests <1b>[0;32mOK<1b>[0m
test_restatapi.R.............. 17 tests <1b>[0;32mOK<1b>[0m
test_restatapi.R.............. 17 tests <1b>[0;32mOK<1b>[0m
test_restatapi.R.............. 17 tests <1b>[0;32mOK<1b>[0m
test_restatapi.R.............. 17 tests <1b>[0;32mOK<1b>[0m
test_restatapi.R.............. 17 tests <1b>[0;32mOK<1b>[0m
test_restatapi.R.............. 21 tests <1b>[0;32mOK<1b>[0m
test_restatapi.R.............. 26 tests <1b>[0;32mOK<1b>[0m
test_restatapi.R.............. 26 tests <1b>[0;32mOK<1b>[0m
test_restatapi.R.............. 26 tests <1b>[0;32mOK<1b>[0m
test_restatapi.R.............. 26 tests <1b>[0;32mOK<1b>[0m
test_restatapi.R.............. 27 tests <1b>[0;32mOK<1b>[0m
test_restatapi.R.............. 28 tests <1b>[0;32mOK<1b>[0m
test_restatapi.R.............. 28 tests <1b>[0;32mOK<1b>[0m
test_restatapi.R.............. 28 tests <1b>[0;32mOK<1b>[0m
test_restatapi.R.............. 28 tests <1b>[0;32mOK<1b>[0m
test_restatapi.R.............. 28 tests <1b>[0;32mOK<1b>[0m
test_restatapi.R.............. 29 tests <1b>[0;32mOK<1b>[0m
test_restatapi.R.............. 31 tests <1b>[0;32mOK<1b>[0m
test_restatapi.R.............. 32 tests <1b>[0;32mOK<1b>[0m
test_restatapi.R.............. 33 tests <1b>[0;32mOK<1b>[0m
test_restatapi.R.............. 34 tests <1b>[0;32mOK<1b>[0m
test_restatapi.R.............. 35 tests <1b>[0;32mOK<1b>[0m
test_restatapi.R.............. 38 tests <1b>[0;32mOK<1b>[0m
test_restatapi.R.............. 39 tests <1b>[0;32mOK<1b>[0m
test_restatapi.R.............. 40 tests <1b>[0;31m1 fails<1b>[0m
test_restatapi.R.............. 40 tests <1b>[0;31m1 fails<1b>[0m
test_restatapi.R.............. 41 tests <1b>[0;31m1 fails<1b>[0m
test_restatapi.R.............. 41 tests <1b>[0;31m1 fails<1b>[0m
test_restatapi.R.............. 45 tests <1b>[0;31m1 fails<1b>[0m
test_restatapi.R.............. 45 tests <1b>[0;31m1 fails<1b>[0m
test_restatapi.R.............. 45 tests <1b>[0;31m1 fails<1b>[0m
test_restatapi.R.............. 45 tests <1b>[0;31m1 fails<1b>[0m
test_restatapi.R.............. 47 tests <1b>[0;31m1 fails<1b>[0m
test_restatapi.R.............. 49 tests <1b>[0;31m1 fails<1b>[0m
test_restatapi.R.............. 50 tests <1b>[0;31m1 fails<1b>[0m
test_restatapi.R.............. 51 tests <1b>[0;31m1 fails<1b>[0m
test_restatapi.R.............. 52 tests <1b>[0;31m1 fails<1b>[0m
test_restatapi.R.............. 54 tests <1b>[0;31m1 fails<1b>[0m
test_restatapi.R.............. 55 tests <1b>[0;31m1 fails<1b>[0m
test_restatapi.R.............. 59 tests <1b>[0;31m1 fails<1b>[0m
test_restatapi.R.............. 61 tests <1b>[0;31m1 fails<1b>[0m
test_restatapi.R.............. 63 tests <1b>[0;31m1 fails<1b>[0m
test_restatapi.R.............. 64 tests <1b>[0;31m1 fails<1b>[0m
test_restatapi.R.............. 65 tests <1b>[0;31m1 fails<1b>[0m
test_restatapi.R.............. 66 tests <1b>[0;31m1 fails<1b>[0m
test_restatapi.R.............. 67 tests <1b>[0;31m1 fails<1b>[0m
test_restatapi.R.............. 68 tests <1b>[0;31m1 fails<1b>[0m
test_restatapi.R.............. 69 tests <1b>[0;31m1 fails<1b>[0m
test_restatapi.R.............. 70 tests <1b>[0;31m1 fails<1b>[0m
test_restatapi.R.............. 71 tests <1b>[0;31m1 fails<1b>[0m
test_restatapi.R.............. 72 tests <1b>[0;31m1 fails<1b>[0m
test_restatapi.R.............. 73 tests <1b>[0;31m1 fails<1b>[0m
test_restatapi.R.............. 74 tests <1b>[0;31m1 fails<1b>[0m
test_restatapi.R.............. 75 tests <1b>[0;31m1 fails<1b>[0m
test_restatapi.R.............. 76 tests <1b>[0;31m1 fails<1b>[0m
test_restatapi.R.............. 77 tests <1b>[0;31m1 fails<1b>[0m
test_restatapi.R.............. 77 tests <1b>[0;31m1 fails<1b>[0m
test_restatapi.R.............. 77 tests <1b>[0;31m1 fails<1b>[0m
test_restatapi.R.............. 78 tests <1b>[0;31m1 fails<1b>[0m
test_restatapi.R.............. 78 tests <1b>[0;31m1 fails<1b>[0m
test_restatapi.R.............. 79 tests <1b>[0;31m1 fails<1b>[0m
test_restatapi.R.............. 79 tests <1b>[0;31m1 fails<1b>[0m
test_restatapi.R.............. 81 tests <1b>[0;31m1 fails<1b>[0m
Server x64
test_restatapi.R.............. 81 tests <1b>[0;31m1 fails<1b>[0m
Are we at home:FALSE
test_restatapi.R.............. 81 tests <1b>[0;31m1 fails<1b>[0m
test_restatapi.R.............. 81 tests <1b>[0;31m1 fails<1b>[0m
test_restatapi.R.............. 81 tests <1b>[0;31m1 fails<1b>[0m
test_restatapi.R.............. 81 tests <1b>[0;31m1 fails<1b>[0m
test_restatapi.R.............. 82 tests <1b>[0;31m1 fails<1b>[0m
test_restatapi.R.............. 82 tests <1b>[0;31m1 fails<1b>[0m
test_restatapi.R.............. 82 tests <1b>[0;31m1 fails<1b>[0m
test_restatapi.R.............. 83 tests <1b>[0;31m1 fails<1b>[0m
test_restatapi.R.............. 83 tests <1b>[0;31m1 fails<1b>[0m
There are skipped tests:27-29
test_restatapi.R.............. 83 tests <1b>[0;31m1 fails<1b>[0m
Skipped tests: 27-29
config version: 2
test_restatapi.R.............. 83 tests <1b>[0;31m1 fails<1b>[0m
test_restatapi.R.............. 83 tests <1b>[0;31m1 fails<1b>[0m <1b>[0;34m1.4s<1b>[0m
----- FAILED[data]: test_restatapi.R<170--170>
call| expect_true(is.null(dt8))
diff| Expected TRUE, got FALSE
Error: 1 out of 83 tests failed
Execution halted
Flavor: r-oldrel-windows-x86_64