CRAN Package Check Results for Package retel

Last updated on 2025-07-27 05:48:41 CEST.

Flavor Version Tinstall Tcheck Ttotal Status Flags
r-devel-linux-x86_64-debian-clang 0.1.0 5.89 52.72 58.61 NOTE
r-devel-linux-x86_64-debian-gcc 0.1.0 4.16 40.52 44.68 NOTE
r-devel-linux-x86_64-fedora-clang 0.1.0 88.12 OK
r-devel-linux-x86_64-fedora-gcc 0.1.0 85.44 OK
r-devel-windows-x86_64 0.1.0 7.00 74.00 81.00 NOTE
r-patched-linux-x86_64 0.1.0 5.38 50.25 55.63 NOTE
r-release-linux-x86_64 0.1.0 5.27 50.03 55.30 NOTE
r-release-macos-arm64 0.1.0 31.00 OK
r-release-macos-x86_64 0.1.0 60.00 OK
r-release-windows-x86_64 0.1.0 7.00 64.00 71.00 NOTE
r-oldrel-macos-arm64 0.1.0 30.00 OK
r-oldrel-macos-x86_64 0.1.0 42.00 OK
r-oldrel-windows-x86_64 0.1.0 8.00 75.00 83.00 OK

Check Details

Version: 0.1.0
Check: Rd cross-references
Result: NOTE Found the following Rd file(s) with Rd \link{} targets missing package anchors: etel.Rd: nloptr retel.Rd: nloptr Please provide package anchors for all Rd \link{} targets not in the package itself and the base packages. Flavors: r-devel-linux-x86_64-debian-clang, r-devel-linux-x86_64-debian-gcc, r-devel-windows-x86_64, r-patched-linux-x86_64, r-release-linux-x86_64, r-release-windows-x86_64