CRAN Package Check Results for Package rjade

Last updated on 2025-11-24 04:50:07 CET.

Flavor Version Tinstall Tcheck Ttotal Status Flags
r-devel-linux-x86_64-debian-clang 0.1.1 2.37 31.71 34.08 NOTE
r-devel-linux-x86_64-debian-gcc 0.1.1 1.62 26.41 28.03 NOTE
r-devel-linux-x86_64-fedora-clang 0.1.1 53.25 OK
r-devel-linux-x86_64-fedora-gcc 0.1.1 64.35 OK
r-devel-windows-x86_64 0.1.1 6.00 53.00 59.00 OK
r-patched-linux-x86_64 0.1.1 2.43 30.06 32.49 OK
r-release-linux-x86_64 0.1.1 2.34 30.21 32.55 OK
r-release-macos-arm64 0.1.1 OK
r-release-macos-x86_64 0.1.1 2.00 49.00 51.00 OK
r-release-windows-x86_64 0.1.1 3.00 57.00 60.00 OK
r-oldrel-macos-arm64 0.1.1 OK
r-oldrel-macos-x86_64 0.1.1 2.00 40.00 42.00 OK
r-oldrel-windows-x86_64 0.1.1 6.00 57.00 63.00 OK

Check Details

Version: 0.1.1
Check: CRAN incoming feasibility
Result: NOTE Maintainer: ‘Jeroen Ooms <jeroen@berkeley.edu>’ No Authors@R field in DESCRIPTION. Please add one, modifying Authors@R: c(person(given = "Jeroen", family = "Ooms", role = c("aut", "cre"), email = "jeroen@berkeley.edu"), person(given = "Forbes", family = "Lindesay", role = "aut")) as necessary. Flavors: r-devel-linux-x86_64-debian-clang, r-devel-linux-x86_64-debian-gcc