Last updated on 2025-05-24 05:51:17 CEST.
Flavor | Version | Tinstall | Tcheck | Ttotal | Status | Flags |
---|---|---|---|---|---|---|
r-devel-linux-x86_64-debian-clang | 0.2.1 | 30.17 | 234.32 | 264.49 | NOTE | |
r-devel-linux-x86_64-debian-gcc | 0.2.1 | 18.86 | 147.90 | 166.76 | NOTE | |
r-devel-linux-x86_64-fedora-clang | 0.2.1 | 412.03 | OK | |||
r-devel-linux-x86_64-fedora-gcc | 0.2.1 | 404.89 | OK | |||
r-devel-windows-x86_64 | 0.2.1 | 27.00 | 186.00 | 213.00 | OK | |
r-patched-linux-x86_64 | 0.2.1 | 26.52 | 222.90 | 249.42 | OK | |
r-release-linux-x86_64 | 0.2.1 | 28.06 | 219.74 | 247.80 | OK | |
r-release-macos-arm64 | 0.2.1 | 94.00 | OK | |||
r-release-macos-x86_64 | 0.2.1 | 230.00 | OK | |||
r-release-windows-x86_64 | 0.2.1 | 25.00 | 179.00 | 204.00 | OK | |
r-oldrel-macos-arm64 | 0.2.1 | 87.00 | OK | |||
r-oldrel-macos-x86_64 | 0.2.1 | 201.00 | OK | |||
r-oldrel-windows-x86_64 | 0.2.1 | 36.00 | 245.00 | 281.00 | OK |
Version: 0.2.1
Check: CRAN incoming feasibility
Result: NOTE
Maintainer: ‘Francois Keck <francois.keck@gmail.com>’
No Authors@R field in DESCRIPTION.
Please add one, modifying
Authors@R: person(given = "Francois",
family = "Keck",
role = c("aut", "cre"),
email = "francois.keck@gmail.com")
as necessary.
Flavors: r-devel-linux-x86_64-debian-clang, r-devel-linux-x86_64-debian-gcc