CRAN Package Check Results for Package rleafmap

Last updated on 2025-04-30 05:49:53 CEST.

Flavor Version Tinstall Tcheck Ttotal Status Flags
r-devel-linux-x86_64-debian-clang 0.2.1 28.60 234.40 263.00 NOTE
r-devel-linux-x86_64-debian-gcc 0.2.1 18.80 150.49 169.29 NOTE
r-devel-linux-x86_64-fedora-clang 0.2.1 417.81 OK
r-devel-linux-x86_64-fedora-gcc 0.2.1 398.15 OK
r-devel-windows-x86_64 0.2.1 26.00 183.00 209.00 OK
r-patched-linux-x86_64 0.2.1 28.60 221.05 249.65 OK
r-release-linux-x86_64 0.2.1 28.61 224.72 253.33 OK
r-release-macos-arm64 0.2.1 94.00 OK
r-release-macos-x86_64 0.2.1 230.00 OK
r-release-windows-x86_64 0.2.1 26.00 184.00 210.00 OK
r-oldrel-macos-arm64 0.2.1 87.00 OK
r-oldrel-macos-x86_64 0.2.1 201.00 OK
r-oldrel-windows-x86_64 0.2.1 35.00 246.00 281.00 OK

Check Details

Version: 0.2.1
Check: CRAN incoming feasibility
Result: NOTE Maintainer: ‘Francois Keck <francois.keck@gmail.com>’ No Authors@R field in DESCRIPTION. Please add one, modifying Authors@R: person(given = "Francois", family = "Keck", role = c("aut", "cre"), email = "francois.keck@gmail.com") as necessary. Flavors: r-devel-linux-x86_64-debian-clang, r-devel-linux-x86_64-debian-gcc