Last updated on 2025-11-25 04:50:30 CET.
| Flavor | Version | Tinstall | Tcheck | Ttotal | Status | Flags |
|---|---|---|---|---|---|---|
| r-devel-linux-x86_64-debian-clang | 0.5.0 | 4.99 | 83.20 | 88.19 | NOTE | |
| r-devel-linux-x86_64-debian-gcc | 0.5.0 | 0.31 | 2.78 | 3.09 | ERROR | |
| r-devel-linux-x86_64-fedora-clang | 0.5.0 | 2.87 | ERROR | |||
| r-devel-linux-x86_64-fedora-gcc | 0.5.0 | 2.75 | ERROR | |||
| r-devel-windows-x86_64 | 0.5.0 | 11.00 | 83.00 | 94.00 | NOTE | |
| r-patched-linux-x86_64 | 0.5.0 | 4.59 | 81.40 | 85.99 | NOTE | |
| r-release-linux-x86_64 | 0.5.0 | 4.04 | 79.45 | 83.49 | NOTE | |
| r-release-macos-arm64 | 0.5.0 | NOTE | ||||
| r-release-macos-x86_64 | 0.5.0 | 4.00 | 73.00 | 77.00 | NOTE | |
| r-release-windows-x86_64 | 0.5.0 | 8.00 | 92.00 | 100.00 | NOTE | |
| r-oldrel-macos-arm64 | 0.5.0 | NOTE | ||||
| r-oldrel-macos-x86_64 | 0.5.0 | 3.00 | 60.00 | 63.00 | NOTE | |
| r-oldrel-windows-x86_64 | 0.5.0 | 11.00 | 110.00 | 121.00 | NOTE |
Version: 0.5.0
Check: Rd files
Result: NOTE
checkRd: (-1) ms_simplify.Rd:36: Lost braces
36 | \url{https://github.com/mbloch/mapshaper/wiki/Simplification-Tips}{link}
| ^
Flavors: r-devel-linux-x86_64-debian-clang, r-devel-windows-x86_64, r-patched-linux-x86_64, r-release-linux-x86_64, r-release-macos-arm64, r-release-macos-x86_64, r-release-windows-x86_64, r-oldrel-macos-arm64, r-oldrel-macos-x86_64, r-oldrel-windows-x86_64
Version: 0.5.0
Check: package dependencies
Result: ERROR
Package required but not available: ‘geojsonsf’
See section ‘The DESCRIPTION file’ in the ‘Writing R Extensions’
manual.
Flavors: r-devel-linux-x86_64-debian-gcc, r-devel-linux-x86_64-fedora-clang, r-devel-linux-x86_64-fedora-gcc