CRAN Package Check Results for Package robustrank

Last updated on 2025-07-13 05:48:40 CEST.

Flavor Version Tinstall Tcheck Ttotal Status Flags
r-devel-linux-x86_64-debian-clang 2024.1-28 6.61 35.37 41.98 NOTE
r-devel-linux-x86_64-debian-gcc 2024.1-28 5.06 27.15 32.21 NOTE
r-devel-linux-x86_64-fedora-clang 2024.1-28 65.30 OK
r-devel-linux-x86_64-fedora-gcc 2024.1-28 61.95 OK
r-devel-windows-x86_64 2024.1-28 12.00 55.00 67.00 OK
r-patched-linux-x86_64 2024.1-28 6.88 33.00 39.88 OK
r-release-linux-x86_64 2024.1-28 6.66 32.92 39.58 OK
r-release-macos-arm64 2024.1-28 24.00 OK
r-release-macos-x86_64 2024.1-28 41.00 OK
r-release-windows-x86_64 2024.1-28 10.00 61.00 71.00 OK
r-oldrel-macos-arm64 2024.1-28 24.00 OK
r-oldrel-macos-x86_64 2024.1-28 33.00 OK
r-oldrel-windows-x86_64 2024.1-28 13.00 64.00 77.00 OK

Check Details

Version: 2024.1-28
Check: CRAN incoming feasibility
Result: NOTE Maintainer: ‘Youyi Fong <youyifong@gmail.com>’ No Authors@R field in DESCRIPTION. Please add one, modifying Authors@R: person(given = "Youyi", family = "Fong", role = c("aut", "cre"), email = "youyifong@gmail.com") as necessary. Flavors: r-devel-linux-x86_64-debian-clang, r-devel-linux-x86_64-debian-gcc