CRAN Package Check Results for Package ropercenter

Last updated on 2025-05-29 05:50:28 CEST.

Flavor Version Tinstall Tcheck Ttotal Status Flags
r-devel-linux-x86_64-debian-clang 0.3.2 6.08 49.28 55.36 NOTE
r-devel-linux-x86_64-debian-gcc 0.3.2 4.50 36.89 41.39 NOTE
r-devel-linux-x86_64-fedora-clang 0.3.2 85.72 NOTE
r-devel-linux-x86_64-fedora-gcc 0.3.2 93.51 NOTE
r-devel-windows-x86_64 0.3.2 8.00 71.00 79.00 NOTE
r-patched-linux-x86_64 0.3.2 5.55 45.99 51.54 NOTE
r-release-linux-x86_64 0.3.2 4.85 45.99 50.84 NOTE
r-release-macos-arm64 0.3.2 37.00 NOTE
r-release-macos-x86_64 0.3.2 61.00 NOTE
r-release-windows-x86_64 0.3.2 7.00 70.00 77.00 NOTE
r-oldrel-macos-arm64 0.3.2 35.00 NOTE
r-oldrel-macos-x86_64 0.3.2 76.00 NOTE
r-oldrel-windows-x86_64 0.3.2 9.00 80.00 89.00 NOTE

Check Details

Version: 0.3.2
Check: Rd files
Result: NOTE checkRd: (-1) read_ascii.Rd:33: Lost braces 33 | \item{respondent_pattern}{For use when the file does not contain a line for every card for every respondent (or contains extra lines that correspond to no respondent), a regular expression that matches the file's respondent identifier; e.g., if the respondent number is stored in the first four digits of each line, preceded by a space, "(?<=^\\s)\\d{4}".} | ^ Flavors: r-devel-linux-x86_64-debian-clang, r-devel-linux-x86_64-debian-gcc, r-devel-linux-x86_64-fedora-clang, r-devel-linux-x86_64-fedora-gcc, r-devel-windows-x86_64, r-patched-linux-x86_64, r-release-linux-x86_64, r-release-macos-arm64, r-release-macos-x86_64, r-release-windows-x86_64, r-oldrel-macos-arm64, r-oldrel-macos-x86_64, r-oldrel-windows-x86_64