Last updated on 2025-05-23 05:52:38 CEST.
Flavor | Version | Tinstall | Tcheck | Ttotal | Status | Flags |
---|---|---|---|---|---|---|
r-devel-linux-x86_64-debian-clang | 0.2.14 | 82.94 | 27.54 | 110.48 | OK | |
r-devel-linux-x86_64-debian-gcc | 0.2.14 | 60.00 | 22.23 | 82.23 | OK | |
r-devel-linux-x86_64-fedora-clang | 0.2.14 | 238.37 | OK | |||
r-devel-linux-x86_64-fedora-gcc | 0.2.14 | 233.80 | OK | |||
r-devel-windows-x86_64 | 0.2.14 | 101.00 | 118.00 | 219.00 | OK | |
r-patched-linux-x86_64 | 0.2.14 | 87.63 | 25.60 | 113.23 | OK | |
r-release-linux-x86_64 | 0.2.14 | 85.51 | 25.74 | 111.25 | OK | |
r-release-macos-arm64 | 0.2.14 | 53.00 | OK | |||
r-release-macos-x86_64 | 0.2.14 | 77.00 | OK | |||
r-release-windows-x86_64 | 0.2.14 | 104.00 | 117.00 | 221.00 | OK | |
r-oldrel-macos-arm64 | 0.2.14 | 69.00 | NOTE | |||
r-oldrel-macos-x86_64 | 0.2.14 | 77.00 | NOTE | |||
r-oldrel-windows-x86_64 | 0.2.14 | 91.00 | 89.00 | 180.00 | OK |
Version: 0.2.14
Check: installed package size
Result: NOTE
installed size is 8.9Mb
sub-directories of 1Mb or more:
libs 8.5Mb
Flavors: r-oldrel-macos-arm64, r-oldrel-macos-x86_64