Last updated on 2025-10-31 04:50:59 CET.
| Flavor | Version | Tinstall | Tcheck | Ttotal | Status | Flags | 
|---|---|---|---|---|---|---|
| r-devel-linux-x86_64-debian-clang | 1.2.4 | 7.62 | 86.44 | 94.06 | NOTE | |
| r-devel-linux-x86_64-debian-gcc | 1.2.4 | 6.76 | 65.96 | 72.72 | NOTE | |
| r-devel-linux-x86_64-fedora-clang | 1.2.4 | 19.00 | 126.51 | 145.51 | OK | |
| r-devel-linux-x86_64-fedora-gcc | 1.2.4 | 18.00 | 137.53 | 155.53 | OK | |
| r-devel-windows-x86_64 | 1.2.4 | 9.00 | 92.00 | 101.00 | OK | |
| r-patched-linux-x86_64 | 1.2.4 | 8.50 | 82.87 | 91.37 | OK | |
| r-release-linux-x86_64 | 1.2.4 | 8.61 | 82.28 | 90.89 | OK | |
| r-release-macos-arm64 | 1.2.4 | 7.00 | 57.00 | 64.00 | OK | |
| r-release-macos-x86_64 | 1.2.4 | 9.00 | 88.00 | 97.00 | OK | |
| r-release-windows-x86_64 | 1.2.4 | 12.00 | 95.00 | 107.00 | OK | |
| r-oldrel-macos-arm64 | 1.2.4 | 4.00 | 61.00 | 65.00 | OK | |
| r-oldrel-macos-x86_64 | 1.2.4 | 9.00 | 73.00 | 82.00 | OK | |
| r-oldrel-windows-x86_64 | 1.2.4 | 13.00 | 117.00 | 130.00 | OK | 
Version: 1.2.4
Check: CRAN incoming feasibility
Result: NOTE
  Maintainer: ‘Juliane Manitz <r@manitz.org>’
  
  No Authors@R field in DESCRIPTION.
  Please add one, modifying
    Authors@R: c(person(given = "Juliane",
                        family = "Manitz",
                        role = c("aut", "cre"),
                        email = "r@manitz.org"),
                 person(given = "Mark",
                        family = "Hempelmann",
                        role = "ctb"),
                 person(given = "Goeran",
                        family = "Kauermann",
                        role = "ctb"),
                 person(given = "Helmut",
                        family = "Kuechenhoff",
                        role = "aut"),
                 person(given = "Shuai",
                        family = "Shao",
                        role = "ctb"),
                 person(given = "Cornelia",
                        family = "Oberhauser",
                        role = "ctb"),
                 person(given = "Nina",
                        family = "Westerheide",
                        role = "ctb"),
                 person(given = "Manuel",
                        family = "Wiesenfarth",
                        role = "ctb"))
  as necessary.
Flavors: r-devel-linux-x86_64-debian-clang, r-devel-linux-x86_64-debian-gcc