Last updated on 2025-11-01 04:50:40 CET.
| Flavor | Version | Tinstall | Tcheck | Ttotal | Status | Flags |
|---|---|---|---|---|---|---|
| r-devel-linux-x86_64-debian-clang | 0.0.3 | 161.32 | 74.98 | 236.30 | OK | |
| r-devel-linux-x86_64-debian-gcc | 0.0.3 | 94.97 | 56.53 | 151.50 | OK | |
| r-devel-linux-x86_64-fedora-clang | 0.0.3 | 195.00 | 243.76 | 438.76 | OK | |
| r-devel-linux-x86_64-fedora-gcc | 0.0.3 | 243.00 | 146.88 | 389.88 | OK | |
| r-devel-windows-x86_64 | 0.0.3 | 186.00 | 116.00 | 302.00 | OK | |
| r-patched-linux-x86_64 | 0.0.3 | 153.65 | 72.50 | 226.15 | OK | |
| r-release-linux-x86_64 | 0.0.3 | 155.29 | 72.61 | 227.90 | OK | |
| r-release-macos-arm64 | 0.0.3 | 51.00 | 31.00 | 82.00 | OK | |
| r-release-macos-x86_64 | 0.0.3 | 52.00 | 71.00 | 123.00 | OK | |
| r-release-windows-x86_64 | 0.0.3 | 185.00 | 117.00 | 302.00 | OK | |
| r-oldrel-macos-arm64 | 0.0.3 | 51.00 | 36.00 | 87.00 | NOTE | |
| r-oldrel-macos-x86_64 | 0.0.3 | 47.00 | 64.00 | 111.00 | NOTE | |
| r-oldrel-windows-x86_64 | 0.0.3 | 216.00 | 135.00 | 351.00 | OK |
Version: 0.0.3
Check: installed package size
Result: NOTE
installed size is 8.8Mb
sub-directories of 1Mb or more:
libs 8.4Mb
Flavors: r-oldrel-macos-arm64, r-oldrel-macos-x86_64