Last updated on 2025-11-24 04:50:08 CET.
| Flavor | Version | Tinstall | Tcheck | Ttotal | Status | Flags |
|---|---|---|---|---|---|---|
| r-devel-linux-x86_64-debian-clang | 0.2.21 | 3.60 | 37.37 | 40.97 | NOTE | |
| r-devel-linux-x86_64-debian-gcc | 0.2.21 | 2.86 | 28.21 | 31.07 | NOTE | |
| r-devel-linux-x86_64-fedora-clang | 0.2.21 | 11.00 | 52.16 | 63.16 | OK | |
| r-devel-linux-x86_64-fedora-gcc | 0.2.21 | 58.08 | OK | |||
| r-devel-windows-x86_64 | 0.2.21 | 8.00 | 59.00 | 67.00 | OK | |
| r-patched-linux-x86_64 | 0.2.21 | 3.73 | 35.08 | 38.81 | OK | |
| r-release-linux-x86_64 | 0.2.21 | 3.95 | 35.32 | 39.27 | OK | |
| r-release-macos-arm64 | 0.2.21 | OK | ||||
| r-release-macos-x86_64 | 0.2.21 | 3.00 | 39.00 | 42.00 | OK | |
| r-release-windows-x86_64 | 0.2.21 | 5.00 | 109.00 | 114.00 | OK | |
| r-oldrel-macos-arm64 | 0.2.21 | NOTE | ||||
| r-oldrel-macos-x86_64 | 0.2.21 | 3.00 | 36.00 | 39.00 | NOTE | |
| r-oldrel-windows-x86_64 | 0.2.21 | 7.00 | 67.00 | 74.00 | NOTE |
Version: 0.2.21
Check: CRAN incoming feasibility
Result: NOTE
Maintainer: ‘Stuart K. Grange <stuart.grange@york.ac.uk>’
Package CITATION file contains call(s) to old-style personList() or
as.personList(). Please use c() on person objects instead.
Flavors: r-devel-linux-x86_64-debian-clang, r-devel-linux-x86_64-debian-gcc
Version: 0.2.21
Check: LazyData
Result: NOTE
'LazyData' is specified without a 'data' directory
Flavors: r-oldrel-macos-arm64, r-oldrel-macos-x86_64, r-oldrel-windows-x86_64