Last updated on 2025-05-09 05:50:42 CEST.
Flavor | Version | Tinstall | Tcheck | Ttotal | Status | Flags |
---|---|---|---|---|---|---|
r-devel-linux-x86_64-debian-clang | 1.3 | 7.29 | 73.91 | 81.20 | NOTE | |
r-devel-linux-x86_64-debian-gcc | 1.3 | 5.35 | 57.72 | 63.07 | NOTE | |
r-devel-linux-x86_64-fedora-clang | 1.3 | 125.76 | OK | |||
r-devel-linux-x86_64-fedora-gcc | 1.3 | 121.91 | OK | |||
r-devel-windows-x86_64 | 1.3 | 8.00 | 87.00 | 95.00 | OK | |
r-patched-linux-x86_64 | 1.3 | 6.48 | 73.00 | 79.48 | OK | |
r-release-linux-x86_64 | 1.3 | 6.44 | 72.65 | 79.09 | OK | |
r-release-macos-arm64 | 1.3 | 49.00 | OK | |||
r-release-macos-x86_64 | 1.3 | 82.00 | OK | |||
r-release-windows-x86_64 | 1.3 | 8.00 | 92.00 | 100.00 | OK | |
r-oldrel-macos-arm64 | 1.3 | 46.00 | OK | |||
r-oldrel-macos-x86_64 | 1.3 | 67.00 | OK | |||
r-oldrel-windows-x86_64 | 1.3 | 10.00 | 107.00 | 117.00 | OK |
Version: 1.3
Check: CRAN incoming feasibility
Result: NOTE
Maintainer: ‘Daniel Osorio <dcosorioh@utexas.edu>’
Package CITATION file contains call(s) to old-style personList() or
as.personList(). Please use c() on person objects instead.
Package CITATION file contains call(s) to old-style citEntry(). Please
use bibentry() instead.
Flavors: r-devel-linux-x86_64-debian-clang, r-devel-linux-x86_64-debian-gcc