Last updated on 2025-11-25 04:50:32 CET.
| Flavor | Version | Tinstall | Tcheck | Ttotal | Status | Flags |
|---|---|---|---|---|---|---|
| r-devel-linux-x86_64-debian-clang | 1.0.0 | 1.75 | 27.97 | 29.72 | NOTE | |
| r-devel-linux-x86_64-debian-gcc | 1.0.0 | 1.47 | 22.56 | 24.03 | NOTE | |
| r-devel-linux-x86_64-fedora-clang | 1.0.0 | 45.78 | OK | |||
| r-devel-linux-x86_64-fedora-gcc | 1.0.0 | 43.44 | OK | |||
| r-devel-windows-x86_64 | 1.0.0 | 6.00 | 45.00 | 51.00 | OK | |
| r-patched-linux-x86_64 | 1.0.0 | 1.69 | 26.83 | 28.52 | OK | |
| r-release-linux-x86_64 | 1.0.0 | 1.74 | 26.97 | 28.71 | OK | |
| r-release-macos-arm64 | 1.0.0 | OK | ||||
| r-release-macos-x86_64 | 1.0.0 | 2.00 | 31.00 | 33.00 | OK | |
| r-release-windows-x86_64 | 1.0.0 | 3.00 | 76.00 | 79.00 | OK | |
| r-oldrel-macos-arm64 | 1.0.0 | NOTE | ||||
| r-oldrel-macos-x86_64 | 1.0.0 | 1.00 | 26.00 | 27.00 | NOTE | |
| r-oldrel-windows-x86_64 | 1.0.0 | 5.00 | 54.00 | 59.00 | NOTE |
Version: 1.0.0
Check: CRAN incoming feasibility
Result: NOTE
Maintainer: ‘Lilun Du <dulilun@ust.hk>’
The Description field contains
Aggregation", <arXiv:2002.11992>.
Please refer to arXiv e-prints via their arXiv DOI <doi:10.48550/arXiv.YYMM.NNNNN>.
Flavors: r-devel-linux-x86_64-debian-clang, r-devel-linux-x86_64-debian-gcc
Version: 1.0.0
Check: LazyData
Result: NOTE
'LazyData' is specified without a 'data' directory
Flavors: r-oldrel-macos-arm64, r-oldrel-macos-x86_64, r-oldrel-windows-x86_64