Last updated on 2025-07-05 05:50:39 CEST.
Flavor | Version | Tinstall | Tcheck | Ttotal | Status | Flags |
---|---|---|---|---|---|---|
r-devel-linux-x86_64-debian-clang | 1.1.4 | 10.54 | 303.60 | 314.14 | NOTE | |
r-devel-linux-x86_64-debian-gcc | 1.1.4 | 6.36 | 216.50 | 222.86 | NOTE | |
r-devel-linux-x86_64-fedora-clang | 1.1.4 | 485.93 | NOTE | |||
r-devel-linux-x86_64-fedora-gcc | 1.1.4 | 506.15 | NOTE | |||
r-devel-windows-x86_64 | 1.1.4 | 10.00 | 333.00 | 343.00 | NOTE | |
r-patched-linux-x86_64 | 1.1.4 | 10.79 | 297.52 | 308.31 | NOTE | |
r-release-linux-x86_64 | 1.1.4 | 9.68 | 292.26 | 301.94 | NOTE | |
r-release-macos-arm64 | 1.1.4 | 230.00 | NOTE | |||
r-release-macos-x86_64 | 1.1.4 | 311.00 | NOTE | |||
r-release-windows-x86_64 | 1.1.4 | 10.00 | 332.00 | 342.00 | NOTE | |
r-oldrel-macos-arm64 | 1.1.4 | 177.00 | NOTE | |||
r-oldrel-macos-x86_64 | 1.1.4 | 237.00 | NOTE | |||
r-oldrel-windows-x86_64 | 1.1.4 | 13.00 | 449.00 | 462.00 | NOTE |
Version: 1.1.4
Check: Rd files
Result: NOTE
checkRd: (-1) cln.Rd:27: Lost braces
27 | case for text \code{1} for 1st uppercase, code{2} for lowercase, code{3} for uppercase (optional)
| ^
checkRd: (-1) cln.Rd:27: Lost braces
27 | case for text \code{1} for 1st uppercase, code{2} for lowercase, code{3} for uppercase (optional)
| ^
Flavors: r-devel-linux-x86_64-debian-clang, r-devel-linux-x86_64-debian-gcc, r-devel-linux-x86_64-fedora-clang, r-devel-linux-x86_64-fedora-gcc, r-devel-windows-x86_64, r-patched-linux-x86_64, r-release-linux-x86_64, r-release-macos-arm64, r-release-macos-x86_64, r-release-windows-x86_64, r-oldrel-macos-arm64, r-oldrel-macos-x86_64, r-oldrel-windows-x86_64