Last updated on 2025-05-24 05:51:18 CEST.
Flavor | Version | Tinstall | Tcheck | Ttotal | Status | Flags |
---|---|---|---|---|---|---|
r-devel-linux-x86_64-debian-clang | 2.5 | 3.82 | 37.82 | 41.64 | NOTE | |
r-devel-linux-x86_64-debian-gcc | 2.5 | 2.33 | 28.69 | 31.02 | NOTE | |
r-devel-linux-x86_64-fedora-clang | 2.5 | 71.62 | OK | |||
r-devel-linux-x86_64-fedora-gcc | 2.5 | 66.61 | OK | |||
r-devel-windows-x86_64 | 2.5 | 5.00 | 130.00 | 135.00 | OK | |
r-patched-linux-x86_64 | 2.5 | 3.54 | 37.72 | 41.26 | OK | |
r-release-linux-x86_64 | 2.5 | 3.22 | 37.20 | 40.42 | OK | |
r-release-macos-arm64 | 2.5 | 28.00 | OK | |||
r-release-macos-x86_64 | 2.5 | 57.00 | OK | |||
r-release-windows-x86_64 | 2.5 | 4.00 | 90.00 | 94.00 | OK | |
r-oldrel-macos-arm64 | 2.5 | 25.00 | OK | |||
r-oldrel-macos-x86_64 | 2.5 | 41.00 | OK | |||
r-oldrel-windows-x86_64 | 2.5 | 5.00 | 104.00 | 109.00 | OK |
Version: 2.5
Check: CRAN incoming feasibility
Result: NOTE
Maintainer: ‘Hui Zheng <hzheng1@mgh.harvard.edu>’
No Authors@R field in DESCRIPTION.
Please add one, modifying
Authors@R: c(person(given = c("David", "A"),
family = "Schoenfeld",
role = "aut"),
person(given = "Hui",
family = "Zheng",
role = c("aut", "cre"),
email = "hzheng1@mgh.harvard.edu"))
as necessary.
Flavors: r-devel-linux-x86_64-debian-clang, r-devel-linux-x86_64-debian-gcc