CRAN Package Check Results for Package seqmon

Last updated on 2025-07-27 05:48:43 CEST.

Flavor Version Tinstall Tcheck Ttotal Status Flags
r-devel-linux-x86_64-debian-clang 2.5 3.73 38.04 41.77 NOTE
r-devel-linux-x86_64-debian-gcc 2.5 2.71 28.94 31.65 NOTE
r-devel-linux-x86_64-fedora-clang 2.5 71.28 OK
r-devel-linux-x86_64-fedora-gcc 2.5 67.27 OK
r-devel-windows-x86_64 2.5 4.00 94.00 98.00 OK
r-patched-linux-x86_64 2.5 3.98 37.92 41.90 OK
r-release-linux-x86_64 2.5 3.67 37.91 41.58 OK
r-release-macos-arm64 2.5 28.00 OK
r-release-macos-x86_64 2.5 57.00 OK
r-release-windows-x86_64 2.5 5.00 88.00 93.00 OK
r-oldrel-macos-arm64 2.5 25.00 OK
r-oldrel-macos-x86_64 2.5 41.00 OK
r-oldrel-windows-x86_64 2.5 4.00 102.00 106.00 OK

Check Details

Version: 2.5
Check: CRAN incoming feasibility
Result: NOTE Maintainer: ‘Hui Zheng <hzheng1@mgh.harvard.edu>’ No Authors@R field in DESCRIPTION. Please add one, modifying Authors@R: c(person(given = c("David", "A"), family = "Schoenfeld", role = "aut"), person(given = "Hui", family = "Zheng", role = c("aut", "cre"), email = "hzheng1@mgh.harvard.edu")) as necessary. Flavors: r-devel-linux-x86_64-debian-clang, r-devel-linux-x86_64-debian-gcc