Last updated on 2025-07-27 05:48:44 CEST.
Flavor | Version | Tinstall | Tcheck | Ttotal | Status | Flags |
---|---|---|---|---|---|---|
r-devel-linux-x86_64-debian-clang | 1.1.2 | 29.06 | 34.26 | 63.32 | NOTE | |
r-devel-linux-x86_64-debian-gcc | 1.1.2 | 21.59 | 26.49 | 48.08 | NOTE | |
r-devel-linux-x86_64-fedora-clang | 1.1.2 | 110.31 | OK | |||
r-devel-linux-x86_64-fedora-gcc | 1.1.2 | 123.82 | OK | |||
r-devel-windows-x86_64 | 1.1.2 | 41.00 | 74.00 | 115.00 | OK | |
r-patched-linux-x86_64 | 1.1.2 | 28.03 | 32.85 | 60.88 | NOTE | |
r-release-linux-x86_64 | 1.1.2 | 29.57 | 32.95 | 62.52 | NOTE | |
r-release-macos-arm64 | 1.1.2 | 38.00 | OK | |||
r-release-macos-x86_64 | 1.1.2 | 68.00 | OK | |||
r-release-windows-x86_64 | 1.1.2 | 39.00 | 71.00 | 110.00 | OK | |
r-oldrel-macos-arm64 | 1.1.2 | 37.00 | OK | |||
r-oldrel-macos-x86_64 | 1.1.2 | 62.00 | OK | |||
r-oldrel-windows-x86_64 | 1.1.2 | 45.00 | 91.00 | 136.00 | OK |
Version: 1.1.2
Check: for unstated dependencies in ‘demo’
Result: NOTE
'library' or 'require' call not declared from: ‘microbenchmark’
Flavors: r-devel-linux-x86_64-debian-clang, r-devel-linux-x86_64-debian-gcc, r-patched-linux-x86_64, r-release-linux-x86_64