Last updated on 2025-07-21 05:51:11 CEST.
Flavor | Version | Tinstall | Tcheck | Ttotal | Status | Flags |
---|---|---|---|---|---|---|
r-devel-linux-x86_64-debian-clang | 1.0.1 | 147.79 | 184.01 | 331.80 | OK | |
r-devel-linux-x86_64-debian-gcc | 1.0.1 | 108.38 | 132.92 | 241.30 | OK | |
r-devel-linux-x86_64-fedora-clang | 1.0.1 | 586.81 | OK | |||
r-devel-linux-x86_64-fedora-gcc | 1.0.1 | 558.40 | OK | |||
r-devel-windows-x86_64 | 1.0.1 | 165.00 | 197.00 | 362.00 | OK | |
r-patched-linux-x86_64 | 1.0.1 | 149.79 | 173.26 | 323.05 | OK | |
r-release-linux-x86_64 | 1.0.1 | 147.49 | 171.42 | 318.91 | OK | |
r-release-macos-arm64 | 1.0.1 | 82.00 | OK | |||
r-release-macos-x86_64 | 1.0.1 | 170.00 | OK | |||
r-release-windows-x86_64 | 1.0.1 | 164.00 | 195.00 | 359.00 | OK | |
r-oldrel-macos-arm64 | 1.0.1 | 102.00 | NOTE | |||
r-oldrel-macos-x86_64 | 1.0.1 | 159.00 | NOTE | |||
r-oldrel-windows-x86_64 | 1.0.1 | 200.00 | 264.00 | 464.00 | OK |
Version: 1.0.1
Check: installed package size
Result: NOTE
installed size is 11.2Mb
sub-directories of 1Mb or more:
libs 10.5Mb
Flavors: r-oldrel-macos-arm64, r-oldrel-macos-x86_64