CRAN Package Check Results for Package shinyWidgets

Last updated on 2025-11-24 04:50:09 CET.

Flavor Version Tinstall Tcheck Ttotal Status Flags
r-devel-linux-x86_64-debian-clang 0.9.0 9.38 93.87 103.25 NOTE
r-devel-linux-x86_64-debian-gcc 0.9.0 6.51 67.28 73.79 NOTE
r-devel-linux-x86_64-fedora-clang 0.9.0 18.00 131.23 149.23 NOTE
r-devel-linux-x86_64-fedora-gcc 0.9.0 22.00 112.69 134.69 NOTE
r-devel-windows-x86_64 0.9.0 18.00 130.00 148.00 NOTE
r-patched-linux-x86_64 0.9.0 12.36 82.16 94.52 NOTE
r-release-linux-x86_64 0.9.0 8.19 82.55 90.74 NOTE
r-release-macos-arm64 0.9.0 NOTE
r-release-macos-x86_64 0.9.0 9.00 90.00 99.00 NOTE
r-release-windows-x86_64 0.9.0 16.00 150.00 166.00 NOTE
r-oldrel-macos-arm64 0.9.0 OK
r-oldrel-macos-x86_64 0.9.0 13.00 76.00 89.00 OK
r-oldrel-windows-x86_64 0.9.0 20.00 149.00 169.00 OK

Check Details

Version: 0.9.0
Check: DESCRIPTION meta-information
Result: NOTE Missing dependency on R >= 4.1.0 because package code uses the pipe |> or function shorthand \(...) syntax added in R 4.1.0. File(s) using such syntax: ‘slimSelectInput.Rd’ Flavors: r-devel-linux-x86_64-debian-clang, r-devel-linux-x86_64-debian-gcc, r-devel-linux-x86_64-fedora-clang, r-devel-linux-x86_64-fedora-gcc, r-devel-windows-x86_64, r-patched-linux-x86_64, r-release-linux-x86_64, r-release-macos-arm64, r-release-macos-x86_64, r-release-windows-x86_64