Last updated on 2025-11-01 04:50:41 CET.
| Flavor | Version | Tinstall | Tcheck | Ttotal | Status | Flags |
|---|---|---|---|---|---|---|
| r-devel-linux-x86_64-debian-clang | 0.1.1 | 1.60 | 21.20 | 22.80 | OK | |
| r-devel-linux-x86_64-debian-gcc | 0.1.1 | 1.52 | 17.38 | 18.90 | OK | |
| r-devel-linux-x86_64-fedora-clang | 0.1.1 | 32.46 | NOTE | |||
| r-devel-linux-x86_64-fedora-gcc | 0.1.1 | 31.61 | NOTE | |||
| r-devel-windows-x86_64 | 0.1.1 | 5.00 | 39.00 | 44.00 | OK | |
| r-patched-linux-x86_64 | 0.1.1 | 2.14 | 18.94 | 21.08 | OK | |
| r-release-linux-x86_64 | 0.1.1 | 1.90 | 18.94 | 20.84 | OK | |
| r-release-macos-arm64 | 0.1.1 | 1.00 | 12.00 | 13.00 | OK | |
| r-release-macos-x86_64 | 0.1.1 | 2.00 | 23.00 | 25.00 | OK | |
| r-release-windows-x86_64 | 0.1.1 | 5.00 | 125.00 | 130.00 | OK | |
| r-oldrel-macos-arm64 | 0.1.1 | 1.00 | 13.00 | 14.00 | OK | |
| r-oldrel-macos-x86_64 | 0.1.1 | 2.00 | 20.00 | 22.00 | OK | |
| r-oldrel-windows-x86_64 | 0.1.1 | 5.00 | 43.00 | 48.00 | OK |
Version: 0.1.1
Check: dependencies in R code
Result: NOTE
Namespace in Imports field not imported from: ‘reactable’
All declared Imports should be used.
Flavors: r-devel-linux-x86_64-fedora-clang, r-devel-linux-x86_64-fedora-gcc