Last updated on 2025-07-27 05:48:44 CEST.
Flavor | Version | Tinstall | Tcheck | Ttotal | Status | Flags |
---|---|---|---|---|---|---|
r-devel-linux-x86_64-debian-clang | 0.2.4 | 2.91 | 91.72 | 94.63 | OK | |
r-devel-linux-x86_64-debian-gcc | 0.2.4 | 1.86 | 61.36 | 63.22 | OK | |
r-devel-linux-x86_64-fedora-clang | 0.2.4 | 144.79 | NOTE | |||
r-devel-linux-x86_64-fedora-gcc | 0.2.4 | 154.07 | NOTE | |||
r-devel-windows-x86_64 | 0.2.4 | 5.00 | 113.00 | 118.00 | OK | |
r-patched-linux-x86_64 | 0.2.4 | 2.61 | 85.39 | 88.00 | OK | |
r-release-linux-x86_64 | 0.2.4 | 2.85 | 84.57 | 87.42 | OK | |
r-release-macos-arm64 | 0.2.4 | 48.00 | OK | |||
r-release-macos-x86_64 | 0.2.4 | 94.00 | OK | |||
r-release-windows-x86_64 | 0.2.4 | 5.00 | 101.00 | 106.00 | OK | |
r-oldrel-macos-arm64 | 0.2.4 | 49.00 | OK | |||
r-oldrel-macos-x86_64 | 0.2.4 | 72.00 | OK | |||
r-oldrel-windows-x86_64 | 0.2.4 | 7.00 | 127.00 | 134.00 | OK |
Version: 0.2.4
Check: dependencies in R code
Result: NOTE
Namespace in Imports field not imported from: ‘dplyr’
All declared Imports should be used.
Flavors: r-devel-linux-x86_64-fedora-clang, r-devel-linux-x86_64-fedora-gcc