Last updated on 2025-07-27 05:48:44 CEST.
Flavor | Version | Tinstall | Tcheck | Ttotal | Status | Flags |
---|---|---|---|---|---|---|
r-devel-linux-x86_64-debian-clang | 1.0.1 | 54.06 | 59.35 | 113.41 | NOTE | |
r-devel-linux-x86_64-debian-gcc | 1.0.1 | 41.88 | 41.72 | 83.60 | NOTE | |
r-devel-linux-x86_64-fedora-clang | 1.0.1 | 182.06 | NOTE | |||
r-devel-linux-x86_64-fedora-gcc | 1.0.1 | 201.06 | NOTE | |||
r-devel-windows-x86_64 | 1.0.1 | 61.00 | 109.00 | 170.00 | NOTE | |
r-patched-linux-x86_64 | 1.0.1 | 58.41 | 57.38 | 115.79 | NOTE | |
r-release-linux-x86_64 | 1.0.1 | 56.36 | 56.35 | 112.71 | NOTE | |
r-release-macos-arm64 | 1.0.1 | 50.00 | NOTE | |||
r-release-macos-x86_64 | 1.0.1 | 104.00 | NOTE | |||
r-release-windows-x86_64 | 1.0.1 | 59.00 | 96.00 | 155.00 | NOTE | |
r-oldrel-macos-arm64 | 1.0.1 | 49.00 | NOTE | |||
r-oldrel-macos-x86_64 | 1.0.1 | 87.00 | NOTE | |||
r-oldrel-windows-x86_64 | 1.0.1 | 56.00 | 123.00 | 179.00 | NOTE |
Version: 1.0.1
Check: C++ specification
Result: NOTE
Specified C++11: please drop specification unless essential
Flavors: r-devel-linux-x86_64-debian-clang, r-devel-linux-x86_64-debian-gcc, r-devel-linux-x86_64-fedora-clang, r-devel-linux-x86_64-fedora-gcc, r-devel-windows-x86_64, r-patched-linux-x86_64, r-release-linux-x86_64, r-release-macos-arm64, r-release-macos-x86_64, r-release-windows-x86_64, r-oldrel-macos-arm64, r-oldrel-macos-x86_64, r-oldrel-windows-x86_64
Version: 1.0.1
Check: installed package size
Result: NOTE
installed size is 9.9Mb
sub-directories of 1Mb or more:
libs 9.2Mb
Flavors: r-oldrel-macos-arm64, r-oldrel-macos-x86_64
Version: 1.0.1
Check: LazyData
Result: NOTE
'LazyData' is specified without a 'data' directory
Flavors: r-oldrel-macos-arm64, r-oldrel-macos-x86_64, r-oldrel-windows-x86_64