Last updated on 2025-05-20 05:50:25 CEST.
Flavor | Version | Tinstall | Tcheck | Ttotal | Status | Flags |
---|---|---|---|---|---|---|
r-devel-linux-x86_64-debian-clang | 0.8.1 | 1.75 | 22.68 | 24.43 | NOTE | |
r-devel-linux-x86_64-debian-gcc | 0.8.1 | 1.46 | 17.56 | 19.02 | NOTE | |
r-devel-linux-x86_64-fedora-clang | 0.8.1 | 37.82 | NOTE | |||
r-devel-linux-x86_64-fedora-gcc | 0.8.1 | 36.57 | NOTE | |||
r-devel-windows-x86_64 | 0.8.1 | 4.00 | 48.00 | 52.00 | NOTE | |
r-patched-linux-x86_64 | 0.8.1 | 1.81 | 21.27 | 23.08 | NOTE | |
r-release-linux-x86_64 | 0.8.1 | 1.83 | 21.54 | 23.37 | NOTE | |
r-release-macos-arm64 | 0.8.1 | 20.00 | NOTE | |||
r-release-macos-x86_64 | 0.8.1 | 34.00 | NOTE | |||
r-release-windows-x86_64 | 0.8.1 | 3.00 | 53.00 | 56.00 | NOTE | |
r-oldrel-macos-arm64 | 0.8.1 | 18.00 | NOTE | |||
r-oldrel-macos-x86_64 | 0.8.1 | 22.00 | NOTE | |||
r-oldrel-windows-x86_64 | 0.8.1 | 4.00 | 49.00 | 53.00 | NOTE |
Version: 0.8.1
Check: package subdirectories
Result: NOTE
Problems with news in ‘NEWS.md’:
No news entries found.
Flavors: r-devel-linux-x86_64-debian-clang, r-devel-linux-x86_64-debian-gcc, r-devel-linux-x86_64-fedora-clang, r-devel-linux-x86_64-fedora-gcc, r-devel-windows-x86_64, r-patched-linux-x86_64, r-release-linux-x86_64, r-release-macos-arm64, r-release-macos-x86_64, r-release-windows-x86_64, r-oldrel-macos-arm64, r-oldrel-macos-x86_64, r-oldrel-windows-x86_64