Last updated on 2025-05-15 05:50:37 CEST.
Flavor | Version | Tinstall | Tcheck | Ttotal | Status | Flags |
---|---|---|---|---|---|---|
r-devel-linux-x86_64-debian-clang | 0.1-3 | 2.05 | 23.18 | 25.23 | NOTE | |
r-devel-linux-x86_64-debian-gcc | 0.1-3 | 1.59 | 18.48 | 20.07 | NOTE | |
r-devel-linux-x86_64-fedora-clang | 0.1-3 | 39.32 | OK | |||
r-devel-linux-x86_64-fedora-gcc | 0.1-3 | 38.54 | OK | |||
r-devel-windows-x86_64 | 0.1-3 | 3.00 | 50.00 | 53.00 | OK | |
r-patched-linux-x86_64 | 0.1-3 | 2.41 | 22.48 | 24.89 | OK | |
r-release-linux-x86_64 | 0.1-3 | 2.14 | 22.12 | 24.26 | OK | |
r-release-macos-arm64 | 0.1-3 | 19.00 | OK | |||
r-release-macos-x86_64 | 0.1-3 | 28.00 | OK | |||
r-release-windows-x86_64 | 0.1-3 | 3.00 | 52.00 | 55.00 | OK | |
r-oldrel-macos-arm64 | 0.1-3 | 15.00 | OK | |||
r-oldrel-macos-x86_64 | 0.1-3 | 29.00 | OK | |||
r-oldrel-windows-x86_64 | 0.1-3 | 4.00 | 52.00 | 56.00 | OK |
Version: 0.1-3
Check: CRAN incoming feasibility
Result: NOTE
Maintainer: ‘Christian Hennig <christian.hennig@unibo.it>’
No Authors@R field in DESCRIPTION.
Please add one, modifying
Authors@R: person(given = "Christian",
family = "Hennig",
role = c("aut", "cre"),
email = "christian.hennig@unibo.it")
as necessary.
Flavors: r-devel-linux-x86_64-debian-clang, r-devel-linux-x86_64-debian-gcc