Last updated on 2025-04-30 05:49:55 CEST.
Flavor | Version | Tinstall | Tcheck | Ttotal | Status | Flags |
---|---|---|---|---|---|---|
r-devel-linux-x86_64-debian-clang | 0.0.1 | 2.60 | 35.47 | 38.07 | OK | |
r-devel-linux-x86_64-debian-gcc | 0.0.1 | 1.75 | 25.22 | 26.97 | OK | |
r-devel-linux-x86_64-fedora-clang | 0.0.1 | 63.28 | NOTE | |||
r-devel-linux-x86_64-fedora-gcc | 0.0.1 | 62.03 | NOTE | |||
r-devel-windows-x86_64 | 0.0.1 | 4.00 | 55.00 | 59.00 | OK | |
r-patched-linux-x86_64 | 0.0.1 | 2.52 | 33.87 | 36.39 | OK | |
r-release-linux-x86_64 | 0.0.1 | 2.16 | 33.47 | 35.63 | OK | |
r-release-macos-arm64 | 0.0.1 | 21.00 | OK | |||
r-release-macos-x86_64 | 0.0.1 | 36.00 | OK | |||
r-release-windows-x86_64 | 0.0.1 | 4.00 | 57.00 | 61.00 | OK | |
r-oldrel-macos-arm64 | 0.0.1 | 21.00 | OK | |||
r-oldrel-macos-x86_64 | 0.0.1 | 33.00 | OK | |||
r-oldrel-windows-x86_64 | 0.0.1 | 5.00 | 63.00 | 68.00 | OK |
Version: 0.0.1
Check: dependencies in R code
Result: NOTE
Namespaces in Imports field not imported from:
‘Rdpack’ ‘ggplot2’
All declared Imports should be used.
Flavors: r-devel-linux-x86_64-fedora-clang, r-devel-linux-x86_64-fedora-gcc