Last updated on 2025-11-24 04:50:09 CET.
| Flavor | Version | Tinstall | Tcheck | Ttotal | Status | Flags |
|---|---|---|---|---|---|---|
| r-devel-linux-x86_64-debian-clang | 1.1.3 | 2.80 | 27.00 | 29.80 | OK | |
| r-devel-linux-x86_64-debian-gcc | 1.1.3 | 2.22 | 21.74 | 23.96 | OK | |
| r-devel-linux-x86_64-fedora-clang | 1.1.3 | 45.52 | NOTE | |||
| r-devel-linux-x86_64-fedora-gcc | 1.1.3 | 44.26 | NOTE | |||
| r-devel-windows-x86_64 | 1.1.3 | 7.00 | 45.00 | 52.00 | OK | |
| r-patched-linux-x86_64 | 1.1.3 | 2.88 | 25.59 | 28.47 | OK | |
| r-release-linux-x86_64 | 1.1.3 | 2.76 | 25.38 | 28.14 | OK | |
| r-release-macos-arm64 | 1.1.3 | OK | ||||
| r-release-macos-x86_64 | 1.1.3 | 2.00 | 28.00 | 30.00 | OK | |
| r-release-windows-x86_64 | 1.1.3 | 5.00 | 66.00 | 71.00 | OK | |
| r-oldrel-macos-arm64 | 1.1.3 | OK | ||||
| r-oldrel-macos-x86_64 | 1.1.3 | 2.00 | 24.00 | 26.00 | OK | |
| r-oldrel-windows-x86_64 | 1.1.3 | 5.00 | 52.00 | 57.00 | OK |
Version: 1.1.3
Check: dependencies in R code
Result: NOTE
Namespaces in Imports field not imported from:
‘R6’ ‘lgr’
All declared Imports should be used.
Flavors: r-devel-linux-x86_64-fedora-clang, r-devel-linux-x86_64-fedora-gcc