Last updated on 2025-05-21 05:52:05 CEST.
Flavor | Version | Tinstall | Tcheck | Ttotal | Status | Flags |
---|---|---|---|---|---|---|
r-devel-linux-x86_64-debian-clang | 1.3 | 164.16 | 84.18 | 248.34 | NOTE | |
r-devel-linux-x86_64-debian-gcc | 1.3 | 118.00 | 60.78 | 178.78 | NOTE | |
r-devel-linux-x86_64-fedora-clang | 1.3 | 473.51 | OK | |||
r-devel-linux-x86_64-fedora-gcc | 1.3 | 491.87 | OK | |||
r-devel-windows-x86_64 | 1.3 | 192.00 | 129.00 | 321.00 | OK | |
r-patched-linux-x86_64 | 1.3 | 162.23 | 80.54 | 242.77 | OK | |
r-release-linux-x86_64 | 1.3 | 157.61 | 79.61 | 237.22 | OK | |
r-release-macos-arm64 | 1.3 | 168.00 | OK | |||
r-release-macos-x86_64 | 1.3 | 150.00 | OK | |||
r-release-windows-x86_64 | 1.3 | 188.00 | 125.00 | 313.00 | OK | |
r-oldrel-macos-arm64 | 1.3 | 102.00 | NOTE | |||
r-oldrel-macos-x86_64 | 1.3 | 153.00 | NOTE | |||
r-oldrel-windows-x86_64 | 1.3 | 214.00 | 139.00 | 353.00 | OK |
Version: 1.3
Check: CRAN incoming feasibility
Result: NOTE
Maintainer: ‘Samuel I. Berchuck <sib2@duke.edu>’
The Description field contains
Spatial Surfaces", by Berchuck et al (2019), <arXiv:1911.04337>. The
Please refer to arXiv e-prints via their arXiv DOI <doi:10.48550/arXiv.YYMM.NNNNN>.
Flavors: r-devel-linux-x86_64-debian-clang, r-devel-linux-x86_64-debian-gcc
Version: 1.3
Check: installed package size
Result: NOTE
installed size is 13.4Mb
sub-directories of 1Mb or more:
data 3.3Mb
libs 9.5Mb
Flavors: r-oldrel-macos-arm64, r-oldrel-macos-x86_64