Last updated on 2025-11-25 04:50:36 CET.
| Flavor | Version | Tinstall | Tcheck | Ttotal | Status | Flags |
|---|---|---|---|---|---|---|
| r-devel-linux-x86_64-debian-clang | 3.3.3 | 21.70 | 87.12 | 108.82 | NOTE | |
| r-devel-linux-x86_64-debian-gcc | 3.3.3 | 16.01 | 60.89 | 76.90 | NOTE | |
| r-devel-linux-x86_64-fedora-clang | 3.3.3 | 54.00 | 120.28 | 174.28 | OK | |
| r-devel-linux-x86_64-fedora-gcc | 3.3.3 | 52.00 | 114.01 | 166.01 | OK | |
| r-devel-windows-x86_64 | 3.3.3 | 43.00 | 93.00 | 136.00 | OK | |
| r-patched-linux-x86_64 | 3.3.3 | 23.57 | 83.43 | 107.00 | NOTE | |
| r-release-linux-x86_64 | 3.3.3 | 23.73 | 82.34 | 106.07 | NOTE | |
| r-release-macos-arm64 | 3.3.3 | OK | ||||
| r-release-macos-x86_64 | 3.3.3 | 17.00 | 74.00 | 91.00 | OK | |
| r-release-windows-x86_64 | 3.3.3 | 36.00 | 122.00 | 158.00 | OK | |
| r-oldrel-macos-arm64 | 3.3.3 | OK | ||||
| r-oldrel-macos-x86_64 | 3.3.3 | 18.00 | 86.00 | 104.00 | OK | |
| r-oldrel-windows-x86_64 | 3.3.3 | 41.00 | 116.00 | 157.00 | OK |
Version: 3.3.3
Check: for unstated dependencies in ‘demo’
Result: NOTE
'library' or 'require' calls not declared from:
‘MBA’ ‘akima’ ‘colorspace’ ‘fields’ ‘maps’
Flavors: r-devel-linux-x86_64-debian-clang, r-devel-linux-x86_64-debian-gcc, r-patched-linux-x86_64, r-release-linux-x86_64