Last updated on 2024-06-17 05:49:09 CEST.
Flavor | Version | Tinstall | Tcheck | Ttotal | Status | Flags |
---|---|---|---|---|---|---|
r-devel-linux-x86_64-debian-clang | 4.5.0 | 234.50 | 439.26 | 673.76 | OK | |
r-devel-linux-x86_64-debian-gcc | 4.5.0 | 179.65 | 313.55 | 493.20 | OK | |
r-devel-linux-x86_64-fedora-clang | 4.5.0 | 559.71 | NOTE | |||
r-devel-linux-x86_64-fedora-gcc | 4.5.0 | 630.31 | OK | |||
r-devel-windows-x86_64 | 4.5.0 | 170.00 | 313.00 | 483.00 | NOTE | |
r-patched-linux-x86_64 | 4.5.0 | 146.80 | 419.13 | 565.93 | OK | |
r-release-linux-x86_64 | 4.5.0 | 170.66 | 427.76 | 598.42 | OK | |
r-release-macos-arm64 | 4.5.0 | 187.00 | NOTE | |||
r-release-macos-x86_64 | 4.5.0 | 468.00 | NOTE | |||
r-release-windows-x86_64 | 4.5.0 | 161.00 | 303.00 | 464.00 | NOTE | |
r-oldrel-macos-arm64 | 4.5.0 | 205.00 | NOTE | |||
r-oldrel-macos-x86_64 | 4.5.0 | 371.00 | NOTE | |||
r-oldrel-windows-x86_64 | 4.5.0 | 226.00 | 417.00 | 643.00 | NOTE |
Version: 4.5.0
Check: installed package size
Result: NOTE
installed size is 5.2Mb
sub-directories of 1Mb or more:
R 2.8Mb
libs 1.0Mb
Flavors: r-devel-linux-x86_64-fedora-clang, r-devel-windows-x86_64, r-release-macos-arm64, r-release-macos-x86_64, r-release-windows-x86_64, r-oldrel-macos-arm64, r-oldrel-macos-x86_64, r-oldrel-windows-x86_64