Last updated on 2024-06-17 05:49:09 CEST.
Flavor | Version | Tinstall | Tcheck | Ttotal | Status | Flags |
---|---|---|---|---|---|---|
r-devel-linux-x86_64-debian-clang | 1.0 | 112.03 | 342.59 | 454.62 | OK | |
r-devel-linux-x86_64-debian-gcc | 1.0 | 74.82 | 309.29 | 384.11 | OK | |
r-devel-linux-x86_64-fedora-clang | 1.0 | 634.85 | OK | |||
r-devel-linux-x86_64-fedora-gcc | 1.0 | 637.11 | OK | |||
r-devel-windows-x86_64 | 1.0 | 90.00 | 381.00 | 471.00 | OK | |
r-patched-linux-x86_64 | 1.0 | 97.26 | 353.07 | 450.33 | OK | |
r-release-linux-x86_64 | 1.0 | 88.00 | 355.40 | 443.40 | OK | |
r-release-macos-arm64 | 1.0 | 192.00 | OK | |||
r-release-macos-x86_64 | 1.0 | 306.00 | NOTE | |||
r-release-windows-x86_64 | 1.0 | 87.00 | 393.00 | 480.00 | OK | |
r-oldrel-macos-arm64 | 1.0 | 217.00 | NOTE | |||
r-oldrel-macos-x86_64 | 1.0 | 391.00 | NOTE | |||
r-oldrel-windows-x86_64 | 1.0 | 106.00 | 486.00 | 592.00 | OK |
Version: 1.0
Check: installed package size
Result: NOTE
installed size is 5.1Mb
sub-directories of 1Mb or more:
libs 4.2Mb
Flavors: r-release-macos-x86_64, r-oldrel-macos-arm64, r-oldrel-macos-x86_64