CRAN Package Check Results for Package spiritR

Last updated on 2025-07-27 05:48:45 CEST.

Flavor Version Tinstall Tcheck Ttotal Status Flags
r-devel-linux-x86_64-debian-clang 0.1.1 2.21 24.29 26.50 OK
r-devel-linux-x86_64-debian-gcc 0.1.1 1.49 20.06 21.55 OK
r-devel-linux-x86_64-fedora-clang 0.1.1 41.58 OK
r-devel-linux-x86_64-fedora-gcc 0.1.1 56.12 OK
r-devel-windows-x86_64 0.1.1 4.00 45.00 49.00 OK
r-patched-linux-x86_64 0.1.1 1.93 22.83 24.76 OK
r-release-linux-x86_64 0.1.1 2.23 23.11 25.34 OK
r-release-macos-arm64 0.1.1 35.00 OK
r-release-macos-x86_64 0.1.1 45.00 OK
r-release-windows-x86_64 0.1.1 3.00 46.00 49.00 OK
r-oldrel-macos-arm64 0.1.1 24.00 NOTE
r-oldrel-macos-x86_64 0.1.1 34.00 NOTE
r-oldrel-windows-x86_64 0.1.1 4.00 54.00 58.00 NOTE

Check Details

Version: 0.1.1
Check: LazyData
Result: NOTE 'LazyData' is specified without a 'data' directory Flavors: r-oldrel-macos-arm64, r-oldrel-macos-x86_64, r-oldrel-windows-x86_64