CRAN Package Check Results for Package splitstackshape

Last updated on 2025-04-17 05:49:57 CEST.

Flavor Version Tinstall Tcheck Ttotal Status Flags
r-devel-linux-x86_64-debian-clang 1.4.8 2.92 30.09 33.01 NOTE
r-devel-linux-x86_64-debian-gcc 1.4.8 2.07 22.72 24.79 NOTE
r-devel-linux-x86_64-fedora-clang 1.4.8 51.18 NOTE
r-devel-linux-x86_64-fedora-gcc 1.4.8 47.58 NOTE
r-devel-windows-x86_64 1.4.8 4.00 54.00 58.00 NOTE
r-patched-linux-x86_64 1.4.8 2.83 28.03 30.86 NOTE
r-release-linux-x86_64 1.4.8 2.49 28.45 30.94 NOTE
r-release-macos-arm64 1.4.8 18.00 NOTE
r-release-macos-x86_64 1.4.8 50.00 NOTE
r-release-windows-x86_64 1.4.8 3.00 56.00 59.00 NOTE
r-oldrel-macos-arm64 1.4.8 18.00 NOTE
r-oldrel-macos-x86_64 1.4.8 32.00 NOTE
r-oldrel-windows-x86_64 1.4.8 4.00 59.00 63.00 NOTE

Check Details

Version: 1.4.8
Check: package subdirectories
Result: NOTE Problems with news in ‘NEWS.md’: Cannot extract version info from the following section titles: Feature Changes Flavors: r-devel-linux-x86_64-debian-clang, r-devel-linux-x86_64-debian-gcc, r-devel-linux-x86_64-fedora-clang, r-devel-linux-x86_64-fedora-gcc, r-devel-windows-x86_64, r-patched-linux-x86_64, r-release-linux-x86_64, r-release-macos-arm64, r-release-macos-x86_64, r-release-windows-x86_64, r-oldrel-macos-arm64, r-oldrel-macos-x86_64, r-oldrel-windows-x86_64