Last updated on 2025-10-11 05:50:27 CEST.
Flavor | Version | Tinstall | Tcheck | Ttotal | Status | Flags |
---|---|---|---|---|---|---|
r-devel-linux-x86_64-debian-clang | 1.4.0 | 13.42 | 115.26 | 128.68 | NOTE | |
r-devel-linux-x86_64-debian-gcc | 1.4.0 | 10.91 | 82.90 | 93.81 | NOTE | |
r-devel-linux-x86_64-fedora-clang | 1.4.0 | 195.95 | OK | |||
r-devel-linux-x86_64-fedora-gcc | 1.4.0 | 181.83 | OK | |||
r-devel-windows-x86_64 | 1.4.0 | 15.00 | 108.00 | 123.00 | OK | |
r-patched-linux-x86_64 | 1.4.0 | 12.75 | 107.38 | 120.13 | OK | |
r-release-linux-x86_64 | 1.4.0 | 12.00 | 106.41 | 118.41 | OK | |
r-release-macos-arm64 | 1.4.0 | 47.00 | OK | |||
r-release-macos-x86_64 | 1.4.0 | 75.00 | OK | |||
r-release-windows-x86_64 | 1.4.0 | 14.00 | 115.00 | 129.00 | OK | |
r-oldrel-macos-arm64 | 1.4.0 | 42.00 | OK | |||
r-oldrel-macos-x86_64 | 1.4.0 | 71.00 | OK | |||
r-oldrel-windows-x86_64 | 1.4.0 | 21.00 | 149.00 | 170.00 | OK |
Version: 1.4.0
Check: CRAN incoming feasibility
Result: NOTE
Maintainer: ‘Giancarlo Vercellino <giancarlo.vercellino@gmail.com>’
No Authors@R field in DESCRIPTION.
Please add one, modifying
Authors@R: person(given = "Giancarlo",
family = "Vercellino",
role = c("aut", "cre"),
email = "giancarlo.vercellino@gmail.com")
as necessary.
Flavors: r-devel-linux-x86_64-debian-clang, r-devel-linux-x86_64-debian-gcc