Last updated on 2025-05-21 05:52:05 CEST.
Flavor | Version | Tinstall | Tcheck | Ttotal | Status | Flags |
---|---|---|---|---|---|---|
r-devel-linux-x86_64-debian-clang | 1.1.7 | 735.68 | 138.81 | 874.49 | OK | |
r-devel-linux-x86_64-debian-gcc | 1.1.7 | 691.59 | 148.19 | 839.78 | OK | |
r-devel-linux-x86_64-fedora-clang | 1.1.7 | 1332.07 | OK | |||
r-devel-linux-x86_64-fedora-gcc | 1.1.7 | 2099.98 | OK | |||
r-devel-windows-x86_64 | 1.1.7 | 786.00 | 230.00 | 1016.00 | OK | |
r-patched-linux-x86_64 | 1.1.7 | 850.54 | 200.51 | 1051.05 | OK | |
r-release-linux-x86_64 | 1.1.7 | 854.50 | 202.83 | 1057.33 | OK | |
r-release-macos-arm64 | 1.1.7 | 354.00 | OK | |||
r-release-macos-x86_64 | 1.1.7 | 404.00 | OK | |||
r-release-windows-x86_64 | 1.1.7 | 794.00 | 222.00 | 1016.00 | OK | |
r-oldrel-macos-arm64 | 1.1.7 | 325.00 | NOTE | |||
r-oldrel-macos-x86_64 | 1.1.7 | 546.00 | NOTE | |||
r-oldrel-windows-x86_64 | 1.1.7 | 868.00 | 281.00 | 1149.00 | NOTE |
Version: 1.1.7
Check: installed package size
Result: NOTE
installed size is 125.3Mb
sub-directories of 1Mb or more:
libs 124.8Mb
Flavors: r-oldrel-macos-arm64, r-oldrel-macos-x86_64, r-oldrel-windows-x86_64
Version: 1.1.7
Check: for GNU extensions in Makefiles
Result: NOTE
GNU make is a SystemRequirements.
Flavors: r-oldrel-macos-arm64, r-oldrel-macos-x86_64, r-oldrel-windows-x86_64