Last updated on 2024-06-16 05:53:06 CEST.
Flavor | Version | Tinstall | Tcheck | Ttotal | Status | Flags |
---|---|---|---|---|---|---|
r-devel-linux-x86_64-debian-clang | 1.3.2 | 11.05 | 236.20 | 247.25 | OK | |
r-devel-linux-x86_64-debian-gcc | 1.3.2 | 7.84 | 171.66 | 179.50 | OK | |
r-devel-linux-x86_64-fedora-clang | 1.3.2 | 317.07 | OK | |||
r-devel-linux-x86_64-fedora-gcc | 1.3.2 | 318.82 | OK | |||
r-devel-windows-x86_64 | 1.3.2 | 8.00 | 225.00 | 233.00 | OK | |
r-patched-linux-x86_64 | 1.3.2 | 13.83 | 225.70 | 239.53 | OK | |
r-release-linux-x86_64 | 1.3.2 | 9.24 | 222.73 | 231.97 | OK | |
r-release-macos-arm64 | 1.3.2 | 89.00 | OK | |||
r-release-macos-x86_64 | 1.3.2 | 149.00 | WARN | |||
r-release-windows-x86_64 | 1.3.2 | 8.00 | 224.00 | 232.00 | OK | |
r-oldrel-macos-arm64 | 1.3.2 | 95.00 | OK | |||
r-oldrel-macos-x86_64 | 1.3.2 | 176.00 | OK | |||
r-oldrel-windows-x86_64 | 1.3.2 | 9.00 | 251.00 | 260.00 | OK |
Version: 1.3.2
Check: re-building of vignette outputs
Result: WARN
Error(s) in re-building vignettes:
...
--- re-building ‘ssizeRNA.Rnw’ using knitr
Error: processing vignette 'ssizeRNA.Rnw' failed with diagnostics:
Running 'texi2dvi' on 'ssizeRNA.tex' failed.
LaTeX errors:
! Undefined control sequence.
l.140 \hlkwd{library}\hldef
{(ssizeRNA)}
?
! Emergency stop.
! Emergency stop.
l.140
End of file on the terminal!
! ==> Fatal error occurred, no output PDF file produced!
--- failed re-building ‘ssizeRNA.Rnw’
SUMMARY: processing the following file failed:
‘ssizeRNA.Rnw’
Error: Vignette re-building failed.
Execution halted
Flavor: r-release-macos-x86_64