Last updated on 2025-04-30 05:49:56 CEST.
Flavor | Version | Tinstall | Tcheck | Ttotal | Status | Flags |
---|---|---|---|---|---|---|
r-devel-linux-x86_64-debian-clang | 1.3.3 | 8.65 | 186.98 | 195.63 | NOTE | |
r-devel-linux-x86_64-debian-gcc | 1.3.3 | 5.99 | 120.86 | 126.85 | OK | |
r-devel-linux-x86_64-fedora-clang | 1.3.3 | 312.25 | OK | |||
r-devel-linux-x86_64-fedora-gcc | 1.3.3 | 312.70 | OK | |||
r-devel-windows-x86_64 | 1.3.3 | 9.00 | 232.00 | 241.00 | OK | |
r-patched-linux-x86_64 | 1.3.3 | 7.29 | 178.59 | 185.88 | OK | |
r-release-linux-x86_64 | 1.3.3 | 7.86 | 176.98 | 184.84 | OK | |
r-release-macos-arm64 | 1.3.3 | 117.00 | OK | |||
r-release-macos-x86_64 | 1.3.3 | 279.00 | OK | |||
r-release-windows-x86_64 | 1.3.3 | 10.00 | 232.00 | 242.00 | OK | |
r-oldrel-macos-arm64 | 1.3.3 | 102.00 | OK | |||
r-oldrel-macos-x86_64 | 1.3.3 | 333.00 | OK | |||
r-oldrel-windows-x86_64 | 1.3.3 | 11.00 | 274.00 | 285.00 | OK |
Version: 1.3.3
Check: examples
Result: NOTE
Examples with CPU (user + system) or elapsed time > 5s
user system elapsed
ssizeRNA_vary 5.501 0.205 6.462
check.power 5.424 0.088 6.320
Flavor: r-devel-linux-x86_64-debian-clang