Last updated on 2025-04-17 05:49:57 CEST.
Flavor | Version | Tinstall | Tcheck | Ttotal | Status | Flags |
---|---|---|---|---|---|---|
r-devel-linux-x86_64-debian-clang | 0.1.1 | 230.16 | 77.08 | 307.24 | OK | |
r-devel-linux-x86_64-debian-gcc | 0.1.1 | 168.62 | 65.52 | 234.14 | OK | |
r-devel-linux-x86_64-fedora-clang | 0.1.1 | 543.92 | OK | |||
r-devel-linux-x86_64-fedora-gcc | 0.1.1 | 611.97 | OK | |||
r-devel-windows-x86_64 | 0.1.1 | 214.00 | 168.00 | 382.00 | OK | |
r-patched-linux-x86_64 | 0.1.1 | 236.17 | 89.98 | 326.15 | OK | |
r-release-linux-x86_64 | 0.1.1 | 225.74 | 90.30 | 316.04 | OK | |
r-release-macos-arm64 | 0.1.1 | 132.00 | OK | |||
r-release-macos-x86_64 | 0.1.1 | 158.00 | OK | |||
r-release-windows-x86_64 | 0.1.1 | 202.00 | 172.00 | 374.00 | OK | |
r-oldrel-macos-arm64 | 0.1.1 | 114.00 | NOTE | |||
r-oldrel-macos-x86_64 | 0.1.1 | 264.00 | NOTE | |||
r-oldrel-windows-x86_64 | 0.1.1 | 208.00 | 194.00 | 402.00 | OK |
Version: 0.1.1
Check: installed package size
Result: NOTE
installed size is 34.5Mb
sub-directories of 1Mb or more:
libs 33.5Mb
Flavors: r-oldrel-macos-arm64, r-oldrel-macos-x86_64