Last updated on 2025-11-24 04:50:10 CET.
| Flavor | Version | Tinstall | Tcheck | Ttotal | Status | Flags |
|---|---|---|---|---|---|---|
| r-devel-linux-x86_64-debian-clang | 0.2-1 | 2.10 | 179.73 | 181.83 | NOTE | |
| r-devel-linux-x86_64-debian-gcc | 0.2-1 | 1.65 | 106.02 | 107.67 | NOTE | |
| r-devel-linux-x86_64-fedora-clang | 0.2-1 | 292.23 | OK | |||
| r-devel-linux-x86_64-fedora-gcc | 0.2-1 | 292.48 | OK | |||
| r-devel-windows-x86_64 | 0.2-1 | 4.00 | 282.00 | 286.00 | OK | |
| r-patched-linux-x86_64 | 0.2-1 | 2.22 | 169.15 | 171.37 | OK | |
| r-release-linux-x86_64 | 0.2-1 | 1.97 | 171.35 | 173.32 | OK | |
| r-release-macos-arm64 | 0.2-1 | OK | ||||
| r-release-macos-x86_64 | 0.2-1 | 2.00 | 156.00 | 158.00 | OK | |
| r-release-windows-x86_64 | 0.2-1 | 5.00 | 213.00 | 218.00 | OK | |
| r-oldrel-macos-arm64 | 0.2-1 | OK | ||||
| r-oldrel-macos-x86_64 | 0.2-1 | 2.00 | 84.00 | 86.00 | OK | |
| r-oldrel-windows-x86_64 | 0.2-1 | 4.00 | 181.00 | 185.00 | OK |
Version: 0.2-1
Check: CRAN incoming feasibility
Result: NOTE
Maintainer: ‘Bill Venables <Bill.Venables@gmail.com>’
No Authors@R field in DESCRIPTION.
Please add one, modifying
Authors@R: person(given = "Bill",
family = "Venables",
role = c("aut", "cre"),
email = "Bill.Venables@gmail.com")
as necessary.
Flavors: r-devel-linux-x86_64-debian-clang, r-devel-linux-x86_64-debian-gcc