CRAN Package Check Results for Package supclust

Last updated on 2025-11-24 04:50:11 CET.

Flavor Version Tinstall Tcheck Ttotal Status Flags
r-devel-linux-x86_64-debian-clang 1.1-1 4.02 49.03 53.05 NOTE
r-devel-linux-x86_64-debian-gcc 1.1-1 3.40 39.08 42.48 NOTE
r-devel-linux-x86_64-fedora-clang 1.1-1 10.00 67.48 77.48 OK
r-devel-linux-x86_64-fedora-gcc 1.1-1 72.39 OK
r-devel-windows-x86_64 1.1-1 9.00 80.00 89.00 OK
r-patched-linux-x86_64 1.1-1 4.50 52.37 56.87 OK
r-release-linux-x86_64 1.1-1 3.54 52.33 55.87 OK
r-release-macos-arm64 1.1-1 OK
r-release-macos-x86_64 1.1-1 5.00 56.00 61.00 OK
r-release-windows-x86_64 1.1-1 8.00 105.00 113.00 OK
r-oldrel-macos-arm64 1.1-1 OK
r-oldrel-macos-x86_64 1.1-1 4.00 44.00 48.00 OK
r-oldrel-windows-x86_64 1.1-1 7.00 91.00 98.00 OK

Check Details

Version: 1.1-1
Check: CRAN incoming feasibility
Result: NOTE Maintainer: ‘Martin Maechler <maechler@stat.math.ethz.ch>’ No Authors@R field in DESCRIPTION. Please add one, modifying Authors@R: c(person(given = "Marcel", family = "Dettling", role = "aut", email = "marcel.dettling@zhaw.ch"), person(given = "Martin", family = "Maechler", role = c("aut", "cre"), email = "maechler@stat.math.ethz.ch")) as necessary. Flavors: r-devel-linux-x86_64-debian-clang, r-devel-linux-x86_64-debian-gcc